{"id":1180,"date":"2024-07-29T15:04:43","date_gmt":"2024-07-29T19:04:43","guid":{"rendered":"https:\/\/www.med.unc.edu\/cidd\/?page_id=1180"},"modified":"2024-08-26T15:40:23","modified_gmt":"2024-08-26T19:40:23","slug":"servicios-de-clinica","status":"publish","type":"page","link":"https:\/\/www.med.unc.edu\/cidd\/en-espanol\/servicios-de-clinica\/","title":{"rendered":"Servicios de Cl\u00ednica"},"content":{"rendered":"<p>El Instituto Carolina para discapacidades del desarrollo (CIDD) ofrece servicios de cl\u00ednica ambulatoria a personas de todas las edades cuando hay preocupaciones sobre su desarrollo, como la posibilidad de una discapacidad del desarrollo. Trabajamos juntos como un equipo con profesionales especializados en audici\u00f3n, medicina, terapia ocupacional, fisioterapia, psicolog\u00eda, trabajo social, educaci\u00f3n especial, patolog\u00eda del habla y del lenguaje, y m\u00e1s. Nuestros cl\u00ednicos tienen experiencia en evaluar y tratar condiciones como discapacidad intelectual, autismo, par\u00e1lisis cerebral, lesi\u00f3n cerebral traum\u00e1tica y s\u00edndromes gen\u00e9ticos que afectan el desarrollo (por ejemplo, s\u00edndrome de Down, s\u00edndrome de Prader-Willi, s\u00edndrome de Angelman, s\u00edndrome de Dup15q, y otros). Ejemplos de servicios de cl\u00ednica ofrecidos a trav\u00e9s del CIDD incluyen evaluaciones diagn\u00f3sticas, evaluaciones del desarrollo y servicios de consulta para ayudar a individuos y familias con preocupaciones conductuales, necesidades educativas, preguntas sobre tratamiento m\u00e9dico y\/o planificaci\u00f3n de intervenciones.<\/p>\n<div class = \"alert alert-info  oscitas-bootstrap-container\">\n<p>Si est\u00e1 interesado en recibir servicios a trav\u00e9s del CIDD, puede solicitar que su proveedor de atenci\u00f3n m\u00e9dica env\u00ede <a href=\"https:\/\/www.med.unc.edu\/cidd\/wp-content\/uploads\/sites\/1401\/2024\/05\/CIDD-Referral-Form-Fillable.pdf\">un formulario de referencia del CIDD<\/a> en su nombre.<\/p>\n<p>Tambi\u00e9n puede comunicarse con nuestro equipo de admisi\u00f3n por tel\u00e9fono al (919) 966-5171 (en ingl\u00e9s) o por correo electr\u00f3nico a <a href=\"mailto:CIDDIntake@cidd.unc.edu\">CIDDIntake@cidd.unc.edu<\/a> si tiene preguntas.<\/p>\n<p>Por favor, tenga en cuenta que puede haber tiempos de espera extendidos (posiblemente varios meses) antes de que se le contacte para programar una cita. Nuestro planificador se pondr\u00e1 en contacto con usted para concertar una visita una vez que haya alcanzado la parte superior de la lista de espera y haya una cita disponible con el (los) proveedor(es) m\u00e1s adecuado(s) para abordar sus necesidades. Agradecemos su paciencia y le animamos a hablar con su proveedor de referencia para discutir opciones adicionales para evaluaciones o necesidades de servicios urgentes.<\/p>\n<\/div>\n","protected":false},"excerpt":{"rendered":"<p>El Instituto Carolina para discapacidades del desarrollo (CIDD) ofrece servicios de cl\u00ednica ambulatoria a personas de todas las edades cuando hay preocupaciones sobre su desarrollo, como la posibilidad de una discapacidad del desarrollo. Trabajamos juntos como un equipo con profesionales especializados en audici\u00f3n, medicina, terapia ocupacional, fisioterapia, psicolog\u00eda, trabajo social, educaci\u00f3n especial, patolog\u00eda del habla &hellip; <a href=\"https:\/\/www.med.unc.edu\/cidd\/en-espanol\/servicios-de-clinica\/\" aria-label=\"Read more about Servicios de Cl\u00ednica\">Read more<\/a><\/p>\n","protected":false},"author":85500,"featured_media":0,"parent":12,"menu_order":0,"comment_status":"closed","ping_status":"closed","template":"","meta":{"_acf_changed":false,"layout":"","cellInformation":"","apiCallInformation":"","footnotes":"","_links_to":"","_links_to_target":""},"class_list":["post-1180","page","type-page","status-publish","hentry","odd"],"acf":[],"_links_to":[],"_links_to_target":[],"_links":{"self":[{"href":"https:\/\/www.med.unc.edu\/cidd\/wp-json\/wp\/v2\/pages\/1180","targetHints":{"allow":["GET"]}}],"collection":[{"href":"https:\/\/www.med.unc.edu\/cidd\/wp-json\/wp\/v2\/pages"}],"about":[{"href":"https:\/\/www.med.unc.edu\/cidd\/wp-json\/wp\/v2\/types\/page"}],"author":[{"embeddable":true,"href":"https:\/\/www.med.unc.edu\/cidd\/wp-json\/wp\/v2\/users\/85500"}],"replies":[{"embeddable":true,"href":"https:\/\/www.med.unc.edu\/cidd\/wp-json\/wp\/v2\/comments?post=1180"}],"version-history":[{"count":0,"href":"https:\/\/www.med.unc.edu\/cidd\/wp-json\/wp\/v2\/pages\/1180\/revisions"}],"up":[{"embeddable":true,"href":"https:\/\/www.med.unc.edu\/cidd\/wp-json\/wp\/v2\/pages\/12"}],"wp:attachment":[{"href":"https:\/\/www.med.unc.edu\/cidd\/wp-json\/wp\/v2\/media?parent=1180"}],"curies":[{"name":"wp","href":"https:\/\/api.w.org\/{rel}","templated":true}]}}