{"id":2851,"date":"2018-06-27T10:38:49","date_gmt":"2018-06-27T14:38:49","guid":{"rendered":"https:\/\/www.med.unc.edu\/earandhearing\/?page_id=2851"},"modified":"2021-03-29T10:36:11","modified_gmt":"2021-03-29T14:36:11","slug":"forms","status":"publish","type":"page","link":"https:\/\/www.med.unc.edu\/earandhearing\/forms\/","title":{"rendered":"Forms"},"content":{"rendered":"<h2><a href=\"https:\/\/www.med.unc.edu\/earandhearing\/cccdpgrant\/how-to-apply\/cccdp-application_ha\/\">Financial Assistance for Hearing Aids Application &#8211; English\u00a0\u00a0<\/a><\/h2>\n<h2><a href=\"https:\/\/www.med.unc.edu\/earandhearing\/cccdpgrant\/how-to-apply\/cccdp-application_ci\/\">Financial Assistance for Cochlear Implants Application- English<\/a><\/h2>\n<p>Application for the Carolina Children&#8217;s Communicative Disorders Program (CCCDP). This financial assistance program helps pay for hearing aids, cochlear implant equipment, and other hearing care for children in North Carolina.<\/p>\n<h2><a href=\"https:\/\/www.med.unc.edu\/earandhearing\/wp-content\/uploads\/sites\/754\/2018\/06\/Grant-Application2015-SPANISH.pdf\">Financial Assistance Application &#8211; Spanish<\/a><\/h2>\n<p>El programa de ayuda financiera del CCCDP proporciona fondos para aud\u00edfonos para ni\u00f1os con p\u00e9rdida auditiva cuyas familias no califican para ning\u00fan otro programa p\u00fablico y que no cuentan con los ingresos para obtener los aud\u00edfonos.<\/p>\n<h2><a href=\"https:\/\/www.med.unc.edu\/earandhearing\/wp-content\/uploads\/sites\/754\/2018\/06\/CCCDP-Renewal-FORM.pdf-fillable-2.pdf\">Financial Assistance Renewal Form<\/a><\/h2>\n<p>Renewal application for the Carolina Children&#8217;s Communicative Disorders Program (CCCDP). Please fill out this form if you are currently enrolled or have been enrolled in the program at any point in the past and wish to renew your child&#8217;s status in the program.<\/p>\n<h2><a href=\"https:\/\/www.med.unc.edu\/earandhearing\/cccdpgrant\/how-to-apply\/cccdp-renewal-fo\u2026-spanish-sp-2021\/\">Financial Assistance Renewal Form-Spanish<\/a><\/h2>\n<p>Para considerar renovar a su hijo para el programa de ayuda econ\u00f3mica, debe completar este formulario en su<br \/>\ntotalidad.<\/p>\n<h2><a href=\"https:\/\/www.med.unc.edu\/earandhearing\/training\/handbook-12-2018-2\/\">Cochlear Implant Patient Guide &#8211; English<\/a><\/h2>\n<p>Patient guide for families who are new the Children&#8217;s Cochlear Implant Center at UNC.<\/p>\n<h2><a href=\"https:\/\/www.med.unc.edu\/earandhearing\/cccdpgrant\/how-to-apply\/ccic-patient-handbook-3-21-sp-2\/\">Cochlear Implant Patient Guide &#8211; Spanish<\/a><\/h2>\n<p>Informacion de Padres y Pacientes<\/p>\n<h2><a href=\"https:\/\/www.med.unc.edu\/earandhearing\/wp-content\/uploads\/sites\/754\/2018\/06\/CCIC-Intake-Form.pdf\">New Patient Form<\/a><\/h2>\n<p>This form is for any patient who is new to our clinic. Please fill this out before your first visit with us. If you get stuck, we can help you fill it out during your visit.<\/p>\n<h2><a href=\"https:\/\/www.med.unc.edu\/earandhearing\/wp-content\/uploads\/sites\/754\/2018\/06\/New-Patient-Form-Spanish.pdf\">New Patient Form &#8211; Spanish<\/a><\/h2>\n<p>Formulario Para Nuevo Paciente<\/p>\n<h2><a href=\"https:\/\/www.med.unc.edu\/earandhearing\/wp-content\/uploads\/sites\/754\/2018\/06\/provider-list.pdf\">Provider List<\/a><\/h2>\n<p>Please fill this form out whenever there is a change in your child&#8217;s hearing care team.<\/p>\n<h2><a href=\"https:\/\/www.uncmedicalcenter.org\/uncmc\/patients-visitors\/medical-records\/\">Medical Records<\/a><\/h2>\n<p>We are not able to send audiograms or reports directly from our clinic. The parents must request these records directly from medical records. Forms for requesting medical records can be found on the Medical Center website via this link.<\/p>\n","protected":false},"excerpt":{"rendered":"<p>Financial Assistance for Hearing Aids Application &#8211; English\u00a0\u00a0 Financial Assistance for Cochlear Implants Application- English Application for the Carolina Children&#8217;s Communicative Disorders Program (CCCDP). This financial assistance program helps pay for hearing aids, cochlear implant equipment, and other hearing care for children in North Carolina. Financial Assistance Application &#8211; Spanish El programa de ayuda financiera &hellip; <a href=\"https:\/\/www.med.unc.edu\/earandhearing\/forms\/\" aria-label=\"Read more about Forms\">Read more<\/a><\/p>\n","protected":false},"author":73344,"featured_media":0,"parent":0,"menu_order":0,"comment_status":"closed","ping_status":"closed","template":"","meta":{"_acf_changed":false,"layout":"","cellInformation":"","apiCallInformation":"","footnotes":"","_links_to":"","_links_to_target":""},"class_list":["post-2851","page","type-page","status-publish","hentry","odd"],"acf":[],"yoast_head":"<!-- This site is optimized with the Yoast SEO plugin v26.8 - https:\/\/yoast.com\/product\/yoast-seo-wordpress\/ -->\n<title>Forms | The Children&#039;s Cochlear Implant Center at UNC<\/title>\n<meta name=\"robots\" content=\"index, follow, max-snippet:-1, max-image-preview:large, max-video-preview:-1\" \/>\n<link rel=\"canonical\" href=\"https:\/\/www.med.unc.edu\/earandhearing\/forms\/\" \/>\n<meta property=\"og:locale\" content=\"en_US\" \/>\n<meta property=\"og:type\" content=\"article\" \/>\n<meta property=\"og:title\" content=\"Forms | The Children&#039;s Cochlear Implant Center at UNC\" \/>\n<meta property=\"og:description\" content=\"Financial Assistance for Hearing Aids Application &#8211; English\u00a0\u00a0 Financial Assistance for Cochlear Implants Application- English Application for the Carolina Children&#8217;s Communicative Disorders Program (CCCDP). This financial assistance program helps pay for hearing aids, cochlear implant equipment, and other hearing care for children in North Carolina. Financial Assistance Application &#8211; Spanish El programa de ayuda financiera &hellip; Read more\" \/>\n<meta property=\"og:url\" content=\"https:\/\/www.med.unc.edu\/earandhearing\/forms\/\" \/>\n<meta property=\"og:site_name\" content=\"The Children&#039;s Cochlear Implant Center at UNC\" \/>\n<meta property=\"article:publisher\" content=\"https:\/\/www.facebook.com\/childrenscicenter\/\" \/>\n<meta property=\"article:modified_time\" content=\"2021-03-29T14:36:11+00:00\" \/>\n<meta name=\"twitter:card\" content=\"summary_large_image\" \/>\n<meta name=\"twitter:site\" content=\"@UNCPedsCIs\" \/>\n<meta name=\"twitter:label1\" content=\"Est. reading time\" \/>\n\t<meta name=\"twitter:data1\" content=\"2 minutes\" \/>\n<script type=\"application\/ld+json\" class=\"yoast-schema-graph\">{\"@context\":\"https:\/\/schema.org\",\"@graph\":[{\"@type\":\"WebPage\",\"@id\":\"https:\/\/www.med.unc.edu\/earandhearing\/forms\/\",\"url\":\"https:\/\/www.med.unc.edu\/earandhearing\/forms\/\",\"name\":\"Forms | The Children&#039;s Cochlear Implant Center at UNC\",\"isPartOf\":{\"@id\":\"https:\/\/www.med.unc.edu\/earandhearing\/#website\"},\"datePublished\":\"2018-06-27T14:38:49+00:00\",\"dateModified\":\"2021-03-29T14:36:11+00:00\",\"breadcrumb\":{\"@id\":\"https:\/\/www.med.unc.edu\/earandhearing\/forms\/#breadcrumb\"},\"inLanguage\":\"en-US\",\"potentialAction\":[{\"@type\":\"ReadAction\",\"target\":[\"https:\/\/www.med.unc.edu\/earandhearing\/forms\/\"]}]},{\"@type\":\"BreadcrumbList\",\"@id\":\"https:\/\/www.med.unc.edu\/earandhearing\/forms\/#breadcrumb\",\"itemListElement\":[{\"@type\":\"ListItem\",\"position\":1,\"name\":\"Home\",\"item\":\"https:\/\/www.med.unc.edu\/earandhearing\/\"},{\"@type\":\"ListItem\",\"position\":2,\"name\":\"Forms\"}]},{\"@type\":\"WebSite\",\"@id\":\"https:\/\/www.med.unc.edu\/earandhearing\/#website\",\"url\":\"https:\/\/www.med.unc.edu\/earandhearing\/\",\"name\":\"The Children's Cochlear Implant Center at UNC\",\"description\":\"\",\"potentialAction\":[{\"@type\":\"SearchAction\",\"target\":{\"@type\":\"EntryPoint\",\"urlTemplate\":\"https:\/\/www.med.unc.edu\/earandhearing\/?s={search_term_string}\"},\"query-input\":{\"@type\":\"PropertyValueSpecification\",\"valueRequired\":true,\"valueName\":\"search_term_string\"}}],\"inLanguage\":\"en-US\"}]}<\/script>\n<!-- \/ Yoast SEO plugin. -->","yoast_head_json":{"title":"Forms | The Children&#039;s Cochlear Implant Center at UNC","robots":{"index":"index","follow":"follow","max-snippet":"max-snippet:-1","max-image-preview":"max-image-preview:large","max-video-preview":"max-video-preview:-1"},"canonical":"https:\/\/www.med.unc.edu\/earandhearing\/forms\/","og_locale":"en_US","og_type":"article","og_title":"Forms | The Children&#039;s Cochlear Implant Center at UNC","og_description":"Financial Assistance for Hearing Aids Application &#8211; English\u00a0\u00a0 Financial Assistance for Cochlear Implants Application- English Application for the Carolina Children&#8217;s Communicative Disorders Program (CCCDP). This financial assistance program helps pay for hearing aids, cochlear implant equipment, and other hearing care for children in North Carolina. Financial Assistance Application &#8211; Spanish El programa de ayuda financiera &hellip; Read more","og_url":"https:\/\/www.med.unc.edu\/earandhearing\/forms\/","og_site_name":"The Children&#039;s Cochlear Implant Center at UNC","article_publisher":"https:\/\/www.facebook.com\/childrenscicenter\/","article_modified_time":"2021-03-29T14:36:11+00:00","twitter_card":"summary_large_image","twitter_site":"@UNCPedsCIs","twitter_misc":{"Est. reading time":"2 minutes"},"schema":{"@context":"https:\/\/schema.org","@graph":[{"@type":"WebPage","@id":"https:\/\/www.med.unc.edu\/earandhearing\/forms\/","url":"https:\/\/www.med.unc.edu\/earandhearing\/forms\/","name":"Forms | The Children&#039;s Cochlear Implant Center at UNC","isPartOf":{"@id":"https:\/\/www.med.unc.edu\/earandhearing\/#website"},"datePublished":"2018-06-27T14:38:49+00:00","dateModified":"2021-03-29T14:36:11+00:00","breadcrumb":{"@id":"https:\/\/www.med.unc.edu\/earandhearing\/forms\/#breadcrumb"},"inLanguage":"en-US","potentialAction":[{"@type":"ReadAction","target":["https:\/\/www.med.unc.edu\/earandhearing\/forms\/"]}]},{"@type":"BreadcrumbList","@id":"https:\/\/www.med.unc.edu\/earandhearing\/forms\/#breadcrumb","itemListElement":[{"@type":"ListItem","position":1,"name":"Home","item":"https:\/\/www.med.unc.edu\/earandhearing\/"},{"@type":"ListItem","position":2,"name":"Forms"}]},{"@type":"WebSite","@id":"https:\/\/www.med.unc.edu\/earandhearing\/#website","url":"https:\/\/www.med.unc.edu\/earandhearing\/","name":"The Children's Cochlear Implant Center at UNC","description":"","potentialAction":[{"@type":"SearchAction","target":{"@type":"EntryPoint","urlTemplate":"https:\/\/www.med.unc.edu\/earandhearing\/?s={search_term_string}"},"query-input":{"@type":"PropertyValueSpecification","valueRequired":true,"valueName":"search_term_string"}}],"inLanguage":"en-US"}]}},"_links_to":[],"_links_to_target":[],"_links":{"self":[{"href":"https:\/\/www.med.unc.edu\/earandhearing\/wp-json\/wp\/v2\/pages\/2851","targetHints":{"allow":["GET"]}}],"collection":[{"href":"https:\/\/www.med.unc.edu\/earandhearing\/wp-json\/wp\/v2\/pages"}],"about":[{"href":"https:\/\/www.med.unc.edu\/earandhearing\/wp-json\/wp\/v2\/types\/page"}],"author":[{"embeddable":true,"href":"https:\/\/www.med.unc.edu\/earandhearing\/wp-json\/wp\/v2\/users\/73344"}],"replies":[{"embeddable":true,"href":"https:\/\/www.med.unc.edu\/earandhearing\/wp-json\/wp\/v2\/comments?post=2851"}],"version-history":[{"count":0,"href":"https:\/\/www.med.unc.edu\/earandhearing\/wp-json\/wp\/v2\/pages\/2851\/revisions"}],"wp:attachment":[{"href":"https:\/\/www.med.unc.edu\/earandhearing\/wp-json\/wp\/v2\/media?parent=2851"}],"curies":[{"name":"wp","href":"https:\/\/api.w.org\/{rel}","templated":true}]}}