{"id":2308,"date":"2017-01-26T20:55:00","date_gmt":"2017-01-27T01:55:00","guid":{"rendered":"https:\/\/www.med.unc.edu\/ncaidstraining\/ncatec-en-espanol\/informacion-basica-sobre-la-profilaxis-de-prexposicion-prep\/"},"modified":"2017-01-26T20:55:00","modified_gmt":"2017-01-27T01:55:00","slug":"informacion-basica-sobre-la-profilaxis-de-prexposicion-prep","status":"publish","type":"page","link":"https:\/\/www.med.unc.edu\/nchivtraining\/ncatec-en-espanol\/informacion-basica-sobre-la-profilaxis-de-prexposicion-prep\/","title":{"rendered":"Informaci\u00f3n b\u00e1sica sobre la profilaxis de preexposici\u00f3n (PrEP)."},"content":{"rendered":"<div>\n<p class=\"lead\">Profilaxis preexposici\u00f3n (o PrEP) se refiere a cuando las personas que est\u00e1n en muy alto riesgo de contraer el VIH toman medicamentos para el VIH a diario para reducir sus probabilidades de infectarse.<br \/>\nAqu\u00ed puede encontrar preguntas y respuestas acerca de PrEP y tambi\u00e9n un mapa de proveedores de PrEP en el estado de Carolina del Norte.<\/p>\n<dl>\n<dt class=\"\"><span class=\"summary\"> <a class=\"contenttype-document state-published url\" href=\"\/ncaidstraining\/ncatec-en-espanol\/informacion-basica-sobre-la-profilaxis-de-prexposicion-prep\/accordion-example\">Preguntas y Respuestas<\/a> <\/span><\/dt>\n<dd><span class=\"description\">Estas preguntas y respuestas provienen de Centros para el Control y la Prevenci\u00f3n de Enfermedades (CDC).<\/span><\/dd>\n<dt class=\"\"><span class=\"summary\"> <a class=\"contenttype-document state-published url\" href=\"\/ncaidstraining\/ncatec-en-espanol\/informacion-basica-sobre-la-profilaxis-de-prexposicion-prep\/mapa-de-proveedores-de-prep\">Mapa de Proveedores de PrEP<\/a> <\/span><\/dt>\n<dd><span class=\"description\">Este es un mapa de proveedores en todo el estado de Carolina del Norte que actualmente prescriben PrEP.<\/span><\/dd>\n<\/dl>\n<\/div>\n","protected":false},"excerpt":{"rendered":"<p>Profilaxis preexposici\u00f3n (o PrEP) se refiere a cuando las personas que est\u00e1n en muy alto riesgo de contraer el VIH toman medicamentos para el VIH a diario para reducir sus probabilidades de infectarse. Aqu\u00ed puede encontrar preguntas y respuestas acerca de PrEP y tambi\u00e9n un mapa de proveedores de PrEP en el estado de Carolina &hellip; <a href=\"https:\/\/www.med.unc.edu\/nchivtraining\/ncatec-en-espanol\/informacion-basica-sobre-la-profilaxis-de-prexposicion-prep\/\" aria-label=\"Read more about Informaci\u00f3n b\u00e1sica sobre la profilaxis de preexposici\u00f3n (PrEP).\">Read more<\/a><\/p>\n","protected":false},"author":81071,"featured_media":0,"parent":2307,"menu_order":0,"comment_status":"closed","ping_status":"closed","template":"","meta":{"_acf_changed":false,"footnotes":"","_links_to":"","_links_to_target":""},"class_list":["post-2308","page","type-page","status-publish","hentry","odd"],"acf":[],"_links_to":[],"_links_to_target":[],"_links":{"self":[{"href":"https:\/\/www.med.unc.edu\/nchivtraining\/wp-json\/wp\/v2\/pages\/2308","targetHints":{"allow":["GET"]}}],"collection":[{"href":"https:\/\/www.med.unc.edu\/nchivtraining\/wp-json\/wp\/v2\/pages"}],"about":[{"href":"https:\/\/www.med.unc.edu\/nchivtraining\/wp-json\/wp\/v2\/types\/page"}],"author":[{"embeddable":true,"href":"https:\/\/www.med.unc.edu\/nchivtraining\/wp-json\/wp\/v2\/users\/81071"}],"replies":[{"embeddable":true,"href":"https:\/\/www.med.unc.edu\/nchivtraining\/wp-json\/wp\/v2\/comments?post=2308"}],"version-history":[{"count":0,"href":"https:\/\/www.med.unc.edu\/nchivtraining\/wp-json\/wp\/v2\/pages\/2308\/revisions"}],"up":[{"embeddable":true,"href":"https:\/\/www.med.unc.edu\/nchivtraining\/wp-json\/wp\/v2\/pages\/2307"}],"wp:attachment":[{"href":"https:\/\/www.med.unc.edu\/nchivtraining\/wp-json\/wp\/v2\/media?parent=2308"}],"curies":[{"name":"wp","href":"https:\/\/api.w.org\/{rel}","templated":true}]}}