{"id":2963,"date":"2018-07-25T15:15:27","date_gmt":"2018-07-25T19:15:27","guid":{"rendered":"https:\/\/www.med.unc.edu\/ncaidstraining\/?page_id=2963"},"modified":"2018-07-25T15:15:27","modified_gmt":"2018-07-25T19:15:27","slug":"informacion-adicional-importante","status":"publish","type":"page","link":"https:\/\/www.med.unc.edu\/nchivtraining\/ncatec-en-espanol\/informacion-adicional-importante\/","title":{"rendered":"Informaci\u00f3n Adicional Importante"},"content":{"rendered":"<h2 class=\"section-som\"><span>Informaci\u00f3n Adicional Importante<\/span><\/h2>\n<p><em>En esta p\u00e1gina usted puede encontrar informaci\u00f3n valiosa acerca del VIH y c\u00f3mo afecta a la comunidad Latinx. Art\u00edculos y videos de personas que viven con el VIH. Tambi\u00e9n, informaci\u00f3n de organizaciones con recursos para hispanohablantes.<\/em><\/p>\n<p>&nbsp;<\/p>\n<div style=\"padding-bottom: 56.25%;padding-top: 40px;height: 0;overflow: auto\">\n<!-- iframe plugin v.5.2 wordpress.org\/plugins\/iframe\/ -->\n<iframe loading=\"lazy\" title=\"iFrameResponsiveEmbedCode\" src=\"https:\/\/heelstream.med.unc.edu\/hapi\/v1\/contents\/8c78a543-bfa7-4554-a720-1e935badc331\/plugin?displayTitle=true&#038;startTime=0&#038;autoPlay=&#038;hideControls=true&#038;showCaptions=&#038;displaySharing=&#038;displayAnnotations=&#038;displayAttachments=false&#038;displayLinks=false&#038;displayEmbedCode=false&#038;displayDownloadIcon=&#038;displayMetaData=false&#038;displayCredits=false&#038;audioPreviewImage=&#038;displayCaptionSearch=&#038;embedAsThumbnail=&#038;displayViewersReport=\" frameborder=\"0\" style=\"position: absolute; top: 0; left: 0; width: 100%; height: 100%;\" scrolling=\"no\" allowfullscreen width=\"100%\" height=\"500\" class=\"iframe-class\"><\/iframe>\n<\/div>\n<div>\n<p>Video hecho en colaboraci\u00f3n con NCATEC y\u00a0Enlaces Por La Salud<\/p>\n<p>Navegadora de Salud Personal: Maritza Chirinos | Datos: 919-428-9129\u00a0 mchirinos@elcentronc.org<\/p>\n<p>Coordinador del Proyecto: Joaqu\u00edn Carca\u00f1o | Datos: 919-843-8601 joaquin_carcano@med.unc.edu<\/p>\n<p><a href=\"https:\/\/www.med.unc.edu\/ncaidstraining\/ncatec-en-espanol\/enlaces-por-la-salud\/\">\u00a0Haga clic\u00a0aqu\u00ed<\/a>\u00a0<em>para aprender m\u00e1s acerca de Enlaces Por La Salud<\/em><\/p>\n<hr class=\" rule-thick osc-rule\" \/>\n<\/div>\n<div class=\"row  oscitas-bootstrap-container\">\n<div class=\"col-lg-12 col-md-12 col-xs-12 col-sm-12 oscitas-bootstrap-container\">\n<h3>Estad\u00edsticas Sobre el VIH\/SIDA en Estados Unidos<\/h3>\n<p><img loading=\"lazy\" decoding=\"async\" class=\"alignleft size-medium wp-image-2980\" src=\"http:\/\/www.med.unc.edu\/nchivtraining\/wp-content\/uploads\/sites\/1022\/2018\/07\/spanishHIV-300x250.jpg\" alt=\"Spanish HIV Graphic\" width=\"300\" height=\"250\" \/><a href=\"https:\/\/www.cdc.gov\/actagainstaids\/spanish\/index.html\" target=\"_blank\" rel=\"noopener noreferrer\">Haga clic aqu\u00ed para aprender algunos datos breves sobre el VIH\/SIDA en los Estados Unidos.<\/a><\/p>\n<p>Esta informaci\u00f3n proviene de Centros para el Control y la Prevenci\u00f3n de Enfermedades<\/div>\n<\/div>\n<p>&nbsp;<\/p>\n<div class=\"row  oscitas-bootstrap-container\">\n<div class=\"col-lg-12 col-md-12 col-xs-12 col-sm-12 oscitas-bootstrap-container\">\n<h3>\u00a0Organizaciones Con Recursos A La Comunidad Latinx<\/h3>\n<p><img loading=\"lazy\" decoding=\"async\" class=\"alignleft size-full wp-image-2280\" src=\"http:\/\/www.med.unc.edu\/nchivtraining\/wp-content\/uploads\/sites\/1022\/2018\/07\/the-body-complete-logo.png\" alt=\"The Body Complete logo\" width=\"220\" height=\"52\" \/>&#8220;El Cuerpo&#8221; El Recurso Completo de VIH\/SIDA.<\/p>\n<p><a href=\"http:\/\/www.thebody.com\/espanol.html?ic=3001\">Haga clic aqu\u00ed para visitar este sitio web<\/a><\/div>\n<\/div>\n<p>&nbsp;<\/p>\n<div class=\"row  oscitas-bootstrap-container\">\n<div class=\"col-lg-12 col-md-12 col-xs-12 col-sm-12 oscitas-bootstrap-container\">\n<img loading=\"lazy\" decoding=\"async\" class=\"alignleft size-medium wp-image-2282\" src=\"http:\/\/www.med.unc.edu\/nchivtraining\/wp-content\/uploads\/sites\/1022\/2018\/07\/latino-commission-on-aids-300x166.png\" alt=\"latino commission on aids\" width=\"300\" height=\"166\" srcset=\"https:\/\/www.med.unc.edu\/nchivtraining\/wp-content\/uploads\/sites\/1022\/2018\/07\/latino-commission-on-aids-300x166.png 300w, https:\/\/www.med.unc.edu\/nchivtraining\/wp-content\/uploads\/sites\/1022\/2018\/07\/latino-commission-on-aids.png 302w\" sizes=\"auto, (max-width: 300px) 100vw, 300px\" \/>La Comisi\u00f3n Latina sobre el SIDA es una organizaci\u00f3n sin fines de lucro dedicada a la lucha contra el VIH\/SIDA<br \/>\n<a href=\"https:\/\/www.latinoaids.org\/esp\/index.php\" target=\"_blank\" rel=\"noopener noreferrer\">Haga clic aqu\u00ed para visitar este sitio web<\/a><\/div>\n<\/div>\n<p>&nbsp;<\/p>\n<div class=\"row  oscitas-bootstrap-container\">\n<div class=\"col-lg-12 col-md-12 col-xs-12 col-sm-12 oscitas-bootstrap-container\">\n<p>&nbsp;<\/p>\n<p><img loading=\"lazy\" decoding=\"async\" class=\"alignleft size-full wp-image-2283\" src=\"http:\/\/www.med.unc.edu\/nchivtraining\/wp-content\/uploads\/sites\/1022\/2018\/07\/aids-gov-logo.jpeg\" alt=\"Aids.gov logo\" width=\"225\" height=\"225\" srcset=\"https:\/\/www.med.unc.edu\/nchivtraining\/wp-content\/uploads\/sites\/1022\/2018\/07\/aids-gov-logo.jpeg 225w, https:\/\/www.med.unc.edu\/nchivtraining\/wp-content\/uploads\/sites\/1022\/2018\/07\/aids-gov-logo-150x150.jpeg 150w, https:\/\/www.med.unc.edu\/nchivtraining\/wp-content\/uploads\/sites\/1022\/2018\/07\/aids-gov-logo-64x64.jpeg 64w\" sizes=\"auto, (max-width: 225px) 100vw, 225px\" \/>AIDS.gov es una agencia federal&#8211;c\u00faal tiene una variedad de informaci\u00f3n disponible en espa\u00f1ol.<\/p>\n<p><a href=\"https:\/\/www.hiv.gov\/federal-response\/espanol\" target=\"_blank\" rel=\"noopener noreferrer\">Haga clic aqu\u00ed para visitar este sitio web<\/a><\/div>\n<\/div>\n<p>&nbsp;<\/p>\n<div class=\"row  oscitas-bootstrap-container\">\n<div class=\"col-lg-12 col-md-12 col-xs-12 col-sm-12 oscitas-bootstrap-container\">\n<img loading=\"lazy\" decoding=\"async\" class=\"alignleft size-full wp-image-2284\" src=\"http:\/\/www.med.unc.edu\/nchivtraining\/wp-content\/uploads\/sites\/1022\/2018\/07\/infosida-logo.jpeg\" alt=\"Infosida logo\" width=\"225\" height=\"225\" srcset=\"https:\/\/www.med.unc.edu\/nchivtraining\/wp-content\/uploads\/sites\/1022\/2018\/07\/infosida-logo.jpeg 225w, https:\/\/www.med.unc.edu\/nchivtraining\/wp-content\/uploads\/sites\/1022\/2018\/07\/infosida-logo-150x150.jpeg 150w, https:\/\/www.med.unc.edu\/nchivtraining\/wp-content\/uploads\/sites\/1022\/2018\/07\/infosida-logo-64x64.jpeg 64w\" sizes=\"auto, (max-width: 225px) 100vw, 225px\" \/>InfoSIDA es parte de una agencia federal que ofrece informaci\u00f3n sobre investigaciones cl\u00ednicas, tratamiento y prevenci\u00f3n del VIH\/SIDA<\/p>\n<p><a href=\"https:\/\/infosida.nih.gov\/\" target=\"_blank\" rel=\"noopener noreferrer\">Haga clic aqu\u00ed para visitar\u00a0 este sitio web<\/a><\/p>\n<\/div>\n<\/div>\n<div class=\"row  oscitas-bootstrap-container\">\n<div class=\"col-lg-12 col-md-12 col-xs-12 col-sm-12 oscitas-bootstrap-container\">\n<a href=\"https:\/\/www.cdc.gov\/actagainstaids\/spanish\/index.html\" target=\"_blank\" rel=\"noopener noreferrer\"><img loading=\"lazy\" decoding=\"async\" class=\"alignleft size-full wp-image-2992\" src=\"http:\/\/www.med.unc.edu\/nchivtraining\/wp-content\/uploads\/sites\/1022\/2018\/07\/spanish_OneConversation_CampaignMaterials_HorizontalBanner_Family_A.jpg\" alt=\"Spanish One Conversation Campaign Materials\" width=\"728\" height=\"90\" srcset=\"https:\/\/www.med.unc.edu\/nchivtraining\/wp-content\/uploads\/sites\/1022\/2018\/07\/spanish_OneConversation_CampaignMaterials_HorizontalBanner_Family_A.jpg 728w, https:\/\/www.med.unc.edu\/nchivtraining\/wp-content\/uploads\/sites\/1022\/2018\/07\/spanish_OneConversation_CampaignMaterials_HorizontalBanner_Family_A-300x37.jpg 300w\" sizes=\"auto, (max-width: 728px) 100vw, 728px\" \/><\/a><\/div>\n<\/div>\n","protected":false},"excerpt":{"rendered":"<p>En esta p\u00e1gina usted puede encontrar informaci\u00f3n valiosa acerca del VIH y c\u00f3mo afecta a la comunidad Latinx. Art\u00edculos y videos de personas que viven con el VIH. Tambi\u00e9n, informaci\u00f3n de organizaciones con recursos para hispanohablantes. &nbsp; Video hecho en colaboraci\u00f3n con NCATEC y\u00a0Enlaces Por La Salud Navegadora de Salud Personal: Maritza Chirinos | Datos: &hellip; <a href=\"https:\/\/www.med.unc.edu\/nchivtraining\/ncatec-en-espanol\/informacion-adicional-importante\/\" aria-label=\"Read more about Informaci\u00f3n Adicional Importante\">Read more<\/a><\/p>\n","protected":false},"author":81071,"featured_media":0,"parent":2307,"menu_order":2,"comment_status":"closed","ping_status":"closed","template":"templates\/front-page.php","meta":{"_acf_changed":false,"footnotes":"","_links_to":"","_links_to_target":""},"class_list":["post-2963","page","type-page","status-publish","hentry","odd"],"acf":[],"yoast_head":"<!-- This site is optimized with the Yoast SEO plugin v26.8 - https:\/\/yoast.com\/product\/yoast-seo-wordpress\/ -->\n<title>Informaci\u00f3n Adicional Importante - North Carolina HIV Training &amp; Education Center<\/title>\n<meta name=\"robots\" content=\"noindex, follow, max-snippet:-1, max-image-preview:large, max-video-preview:-1\" \/>\n<meta property=\"og:locale\" content=\"en_US\" \/>\n<meta property=\"og:type\" content=\"article\" \/>\n<meta property=\"og:title\" content=\"Informaci\u00f3n Adicional Importante - North Carolina HIV Training &amp; Education Center\" \/>\n<meta property=\"og:description\" content=\"En esta p\u00e1gina usted puede encontrar informaci\u00f3n valiosa acerca del VIH y c\u00f3mo afecta a la comunidad Latinx. Art\u00edculos y videos de personas que viven con el VIH. Tambi\u00e9n, informaci\u00f3n de organizaciones con recursos para hispanohablantes. &nbsp; Video hecho en colaboraci\u00f3n con NCATEC y\u00a0Enlaces Por La Salud Navegadora de Salud Personal: Maritza Chirinos | Datos: &hellip; Read more\" \/>\n<meta property=\"og:url\" content=\"https:\/\/www.med.unc.edu\/nchivtraining\/ncatec-en-espanol\/informacion-adicional-importante\/\" \/>\n<meta property=\"og:site_name\" content=\"North Carolina HIV Training &amp; Education Center\" \/>\n<meta property=\"og:image\" content=\"https:\/\/www.med.unc.edu\/nchivtraining\/wp-content\/uploads\/sites\/1022\/2018\/07\/spanishHIV.jpg\" \/>\n\t<meta property=\"og:image:width\" content=\"300\" \/>\n\t<meta property=\"og:image:height\" content=\"250\" \/>\n\t<meta property=\"og:image:type\" content=\"image\/jpeg\" \/>\n<meta name=\"twitter:card\" content=\"summary_large_image\" \/>\n<meta name=\"twitter:label1\" content=\"Est. reading time\" \/>\n\t<meta name=\"twitter:data1\" content=\"2 minutes\" \/>\n<script type=\"application\/ld+json\" class=\"yoast-schema-graph\">{\"@context\":\"https:\/\/schema.org\",\"@graph\":[{\"@type\":\"WebPage\",\"@id\":\"https:\/\/www.med.unc.edu\/nchivtraining\/ncatec-en-espanol\/informacion-adicional-importante\/\",\"url\":\"https:\/\/www.med.unc.edu\/nchivtraining\/ncatec-en-espanol\/informacion-adicional-importante\/\",\"name\":\"Informaci\u00f3n Adicional Importante - North Carolina HIV Training &amp; Education Center\",\"isPartOf\":{\"@id\":\"https:\/\/www.med.unc.edu\/nchivtraining\/#website\"},\"primaryImageOfPage\":{\"@id\":\"https:\/\/www.med.unc.edu\/nchivtraining\/ncatec-en-espanol\/informacion-adicional-importante\/#primaryimage\"},\"image\":{\"@id\":\"https:\/\/www.med.unc.edu\/nchivtraining\/ncatec-en-espanol\/informacion-adicional-importante\/#primaryimage\"},\"thumbnailUrl\":\"http:\/\/www.med.unc.edu\/nchivtraining\/wp-content\/uploads\/sites\/1022\/2018\/07\/spanishHIV-300x250.jpg\",\"datePublished\":\"2018-07-25T19:15:27+00:00\",\"breadcrumb\":{\"@id\":\"https:\/\/www.med.unc.edu\/nchivtraining\/ncatec-en-espanol\/informacion-adicional-importante\/#breadcrumb\"},\"inLanguage\":\"en-US\",\"potentialAction\":[{\"@type\":\"ReadAction\",\"target\":[\"https:\/\/www.med.unc.edu\/nchivtraining\/ncatec-en-espanol\/informacion-adicional-importante\/\"]}]},{\"@type\":\"ImageObject\",\"inLanguage\":\"en-US\",\"@id\":\"https:\/\/www.med.unc.edu\/nchivtraining\/ncatec-en-espanol\/informacion-adicional-importante\/#primaryimage\",\"url\":\"https:\/\/www.med.unc.edu\/nchivtraining\/wp-content\/uploads\/sites\/1022\/2018\/07\/spanishHIV.jpg\",\"contentUrl\":\"https:\/\/www.med.unc.edu\/nchivtraining\/wp-content\/uploads\/sites\/1022\/2018\/07\/spanishHIV.jpg\",\"width\":300,\"height\":250,\"caption\":\"Spanish HIV Graphic\"},{\"@type\":\"BreadcrumbList\",\"@id\":\"https:\/\/www.med.unc.edu\/nchivtraining\/ncatec-en-espanol\/informacion-adicional-importante\/#breadcrumb\",\"itemListElement\":[{\"@type\":\"ListItem\",\"position\":1,\"name\":\"Home\",\"item\":\"https:\/\/www.med.unc.edu\/nchivtraining\/\"},{\"@type\":\"ListItem\",\"position\":2,\"name\":\"NCATEC en Espa\u00f1ol\",\"item\":\"https:\/\/www.med.unc.edu\/nchivtraining\/ncatec-en-espanol\/\"},{\"@type\":\"ListItem\",\"position\":3,\"name\":\"Informaci\u00f3n Adicional Importante\"}]},{\"@type\":\"WebSite\",\"@id\":\"https:\/\/www.med.unc.edu\/nchivtraining\/#website\",\"url\":\"https:\/\/www.med.unc.edu\/nchivtraining\/\",\"name\":\"North Carolina HIV Training &amp; Education Center\",\"description\":\"\",\"potentialAction\":[{\"@type\":\"SearchAction\",\"target\":{\"@type\":\"EntryPoint\",\"urlTemplate\":\"https:\/\/www.med.unc.edu\/nchivtraining\/?s={search_term_string}\"},\"query-input\":{\"@type\":\"PropertyValueSpecification\",\"valueRequired\":true,\"valueName\":\"search_term_string\"}}],\"inLanguage\":\"en-US\"}]}<\/script>\n<!-- \/ Yoast SEO plugin. -->","yoast_head_json":{"title":"Informaci\u00f3n Adicional Importante - North Carolina HIV Training &amp; Education Center","robots":{"index":"noindex","follow":"follow","max-snippet":"max-snippet:-1","max-image-preview":"max-image-preview:large","max-video-preview":"max-video-preview:-1"},"og_locale":"en_US","og_type":"article","og_title":"Informaci\u00f3n Adicional Importante - North Carolina HIV Training &amp; Education Center","og_description":"En esta p\u00e1gina usted puede encontrar informaci\u00f3n valiosa acerca del VIH y c\u00f3mo afecta a la comunidad Latinx. Art\u00edculos y videos de personas que viven con el VIH. Tambi\u00e9n, informaci\u00f3n de organizaciones con recursos para hispanohablantes. &nbsp; Video hecho en colaboraci\u00f3n con NCATEC y\u00a0Enlaces Por La Salud Navegadora de Salud Personal: Maritza Chirinos | Datos: &hellip; Read more","og_url":"https:\/\/www.med.unc.edu\/nchivtraining\/ncatec-en-espanol\/informacion-adicional-importante\/","og_site_name":"North Carolina HIV Training &amp; Education Center","og_image":[{"width":300,"height":250,"url":"https:\/\/www.med.unc.edu\/nchivtraining\/wp-content\/uploads\/sites\/1022\/2018\/07\/spanishHIV.jpg","type":"image\/jpeg"}],"twitter_card":"summary_large_image","twitter_misc":{"Est. reading time":"2 minutes"},"schema":{"@context":"https:\/\/schema.org","@graph":[{"@type":"WebPage","@id":"https:\/\/www.med.unc.edu\/nchivtraining\/ncatec-en-espanol\/informacion-adicional-importante\/","url":"https:\/\/www.med.unc.edu\/nchivtraining\/ncatec-en-espanol\/informacion-adicional-importante\/","name":"Informaci\u00f3n Adicional Importante - North Carolina HIV Training &amp; Education Center","isPartOf":{"@id":"https:\/\/www.med.unc.edu\/nchivtraining\/#website"},"primaryImageOfPage":{"@id":"https:\/\/www.med.unc.edu\/nchivtraining\/ncatec-en-espanol\/informacion-adicional-importante\/#primaryimage"},"image":{"@id":"https:\/\/www.med.unc.edu\/nchivtraining\/ncatec-en-espanol\/informacion-adicional-importante\/#primaryimage"},"thumbnailUrl":"http:\/\/www.med.unc.edu\/nchivtraining\/wp-content\/uploads\/sites\/1022\/2018\/07\/spanishHIV-300x250.jpg","datePublished":"2018-07-25T19:15:27+00:00","breadcrumb":{"@id":"https:\/\/www.med.unc.edu\/nchivtraining\/ncatec-en-espanol\/informacion-adicional-importante\/#breadcrumb"},"inLanguage":"en-US","potentialAction":[{"@type":"ReadAction","target":["https:\/\/www.med.unc.edu\/nchivtraining\/ncatec-en-espanol\/informacion-adicional-importante\/"]}]},{"@type":"ImageObject","inLanguage":"en-US","@id":"https:\/\/www.med.unc.edu\/nchivtraining\/ncatec-en-espanol\/informacion-adicional-importante\/#primaryimage","url":"https:\/\/www.med.unc.edu\/nchivtraining\/wp-content\/uploads\/sites\/1022\/2018\/07\/spanishHIV.jpg","contentUrl":"https:\/\/www.med.unc.edu\/nchivtraining\/wp-content\/uploads\/sites\/1022\/2018\/07\/spanishHIV.jpg","width":300,"height":250,"caption":"Spanish HIV Graphic"},{"@type":"BreadcrumbList","@id":"https:\/\/www.med.unc.edu\/nchivtraining\/ncatec-en-espanol\/informacion-adicional-importante\/#breadcrumb","itemListElement":[{"@type":"ListItem","position":1,"name":"Home","item":"https:\/\/www.med.unc.edu\/nchivtraining\/"},{"@type":"ListItem","position":2,"name":"NCATEC en Espa\u00f1ol","item":"https:\/\/www.med.unc.edu\/nchivtraining\/ncatec-en-espanol\/"},{"@type":"ListItem","position":3,"name":"Informaci\u00f3n Adicional Importante"}]},{"@type":"WebSite","@id":"https:\/\/www.med.unc.edu\/nchivtraining\/#website","url":"https:\/\/www.med.unc.edu\/nchivtraining\/","name":"North Carolina HIV Training &amp; Education Center","description":"","potentialAction":[{"@type":"SearchAction","target":{"@type":"EntryPoint","urlTemplate":"https:\/\/www.med.unc.edu\/nchivtraining\/?s={search_term_string}"},"query-input":{"@type":"PropertyValueSpecification","valueRequired":true,"valueName":"search_term_string"}}],"inLanguage":"en-US"}]}},"_links_to":[],"_links_to_target":[],"_links":{"self":[{"href":"https:\/\/www.med.unc.edu\/nchivtraining\/wp-json\/wp\/v2\/pages\/2963","targetHints":{"allow":["GET"]}}],"collection":[{"href":"https:\/\/www.med.unc.edu\/nchivtraining\/wp-json\/wp\/v2\/pages"}],"about":[{"href":"https:\/\/www.med.unc.edu\/nchivtraining\/wp-json\/wp\/v2\/types\/page"}],"author":[{"embeddable":true,"href":"https:\/\/www.med.unc.edu\/nchivtraining\/wp-json\/wp\/v2\/users\/81071"}],"replies":[{"embeddable":true,"href":"https:\/\/www.med.unc.edu\/nchivtraining\/wp-json\/wp\/v2\/comments?post=2963"}],"version-history":[{"count":0,"href":"https:\/\/www.med.unc.edu\/nchivtraining\/wp-json\/wp\/v2\/pages\/2963\/revisions"}],"up":[{"embeddable":true,"href":"https:\/\/www.med.unc.edu\/nchivtraining\/wp-json\/wp\/v2\/pages\/2307"}],"wp:attachment":[{"href":"https:\/\/www.med.unc.edu\/nchivtraining\/wp-json\/wp\/v2\/media?parent=2963"}],"curies":[{"name":"wp","href":"https:\/\/api.w.org\/{rel}","templated":true}]}}