{"id":2275,"date":"2010-11-15T16:15:00","date_gmt":"2010-11-15T21:15:00","guid":{"rendered":"https:\/\/www.med.unc.edu\/psych\/eatingdisorders\/learn-more\/informacion-en-espanol\/bfque-son-los-trastornos-de-la-conducta-alimentaria\/"},"modified":"2018-08-01T11:55:15","modified_gmt":"2018-08-01T15:55:15","slug":"bfque-son-los-trastornos-de-la-conducta-alimentaria","status":"publish","type":"page","link":"https:\/\/www.med.unc.edu\/psych\/eatingdisorders\/learn-more\/informacion-en-espanol\/bfque-son-los-trastornos-de-la-conducta-alimentaria\/","title":{"rendered":"\u00bfQu\u00e9 son los Trastornos de la Conducta Alimentaria?"},"content":{"rendered":"<div>\n(De <a href=\"http:\/\/www.aedweb.org\">www.aedweb.org<\/a>)<\/p>\n<p>Los trastornos de conducta alimentaria (TCA) se pueden reconocer por un patr\u00f3n persistente de comer no saludablemente o de hacer dietas no saludables. Estos patrones de conducta alimentaria est\u00e1n asociados con angustia emocional, f\u00edsica y social. Los TCA no discriminan a base del g\u00e9nero, edad, o raza. Se pueden encontrar en ambos g\u00e9neros, en cualquier edad, y pueden ocurrir en cualquier raza o grupo \u00e9tnico.<\/p>\n<p>Aunque s\u00ed hay gu\u00edas formales que los profesionales de la salud utilizan para diagnosticar los TCA [Manual Diagn\u00f3stico y Estad\u00edstico de los Trastornos Mentales, Texto Revisado (DSM-IV-TR) (Asociaci\u00f3n Americana de Psiquiatr\u00eda, 2000)], las conductas alimentarias no saludables existen en un continuo. Incluso, si una persona no cumple con los criterios diagn\u00f3sticos de un TCA, \u00e9l o ella puede presentar conductas no saludables que pueden causar un sufrimiento sustancial lo cual pudiera ser en detrimento para su salud f\u00edsica y psicol\u00f3gica.<\/p>\n<p>Para accesar otras informaciones sobre los TCA, favor de dirigirse a la secci\u00f3n de recursos adicionales.<\/p>\n<p>\u00bfQu\u00e9 es la anorexia nerviosa?<br \/>\nLas personas con anorexia nerviosa est\u00e1n incapacitadas o no est\u00e1n dispuestas a mantener un peso corporal normal o esperado para una persona de su edad y estatura. T\u00edpicamente, esto significa que la persona pesa menos del 85% del peso corporal esperado. Incluso, a\u00fan estando bajo peso, la persona con anorexia nerviosa contin\u00faa teniendo miedo a aumentar peso. Sus pensamientos y sentimientos sobre su talla y su figura tienen un impacto profundo en su autoestima y su auto-evaluaci\u00f3n. Usualmente no reconocen o no quieren admitir la gravedad de su p\u00e9rdida de peso y niegan que su p\u00e9rdida de peso pueda tener consecuencias adversas permanentes para su salud. Frecuentemente, las mujeres con anorexia nerviosa dejan de tener su periodo menstrual.<\/p>\n<p>Hay dos subtipos de la anorexia nerviosa. En el tipo restrictivo, las personas mantienen un peso corporal bajo, mayormente restringiendo el consumo de alimentos y posiblemente tambi\u00e9n por medio del ejercicio. Las personas con el tipo atrac\u00f3n\/purgativo igualmente restringen el consumo de alimentos pero tambi\u00e9n tienen regularmente atracones y\/o conductas de eliminaci\u00f3n como la inducci\u00f3n del v\u00f3mito o el uso excesivo de laxantes, diur\u00e9ticos o enemas. Muchas personas durante el curso de su condici\u00f3n pueden fluctuar entre los subtipos.<br \/>\n\u00bfQu\u00e9 es la bulimia nerviosa?<br \/>\nLas personas con bulimia nerviosa experimentan episodios de atracones, el cual se caracteriza por el consumo de una gran cantidad de comida, usualmente en un per\u00edodo corto de tiempo y con el sentido de p\u00e9rdida de control durante el episodio. El sentido de p\u00e9rdida de control es lo que distingue un atrac\u00f3n de comer en exceso. Los atracones son seguidos por intentos de \u201cdeshacer\u201d las consecuencias del atrac\u00f3n usando pr\u00e1cticas compensatorias no saludables como inducci\u00f3n del v\u00f3mito, el uso excesivo de laxantes, enemas, y diur\u00e9ticos, ayunos y ejercicios excesivos.<\/p>\n<p>Personas con bulimia nerviosa tambi\u00e9n est\u00e1n excesivamente preocupadas con su figura y peso. Muchas veces sienten que su autoestima depende de su peso o figura.<\/p>\n<p>Los criterios diagn\u00f3sticos para la bulimia nerviosa requieren que los atracones y las conductas compensatorias inapropiadas ocurran por lo menos dos veces a la semana durante un per\u00edodo de tres meses. Sin embargo, independientemente de la frecuencia, estas conductas son preocupantes y pueden tener consecuencias f\u00edsicas y psicol\u00f3gicas adversas.<\/p>\n<p>Hay dos subtipos de bulimia nerviosa. El subtipo purgativo incluye a aquellas personas que se inducen el v\u00f3mito o usan laxantes, diur\u00e9ticos o enemas. El subtipo no purgativo se refiere a aquellas personas que utilizan conductas compensatorias como el ejercicio excesivo, dietas o ayunos.<br \/>\n\u00bfQu\u00e9 es el Trastorno por Atrac\u00f3n?<br \/>\nLas personas con un trastorno por atrac\u00f3n presentan episodios de atracones, pero no usan regularmente conductas compensatorias para perder peso. El atrac\u00f3n puede incluir el consumo r\u00e1pido de alimentos, un sentido inc\u00f3modo de llenura y el consumo de grandes cantidades de comida cuando no tienen hambre. Tambi\u00e9n se destacan sentimientos de verg\u00fcenza. El trastorno por atrac\u00f3n regularmente, pero no siempre, esta asociado con la obesidad y el sobrepeso. El trastorno por atrac\u00f3n no es oficialmente reconocido como un TCA, pero esta incluido como un Trastorno Alimentario No Especificado (TANE).<br \/>\n\u00bfQu\u00e9 es un Trastorno Alimentario No Especificado (TANE)?<br \/>\nHay muchas variantes de los TCA que no se incluyen en las categor\u00edas espec\u00edficas de la anorexia nerviosa o la bulimia nerviosa. De hecho, hay m\u00e1s personas con trastornos de la conducta alimentaria que tienen una variante de la anorexia o bulimia nerviosa. Solamente porque una persona no tiene un trastorno cl\u00e1sico de anorexia nerviosa o bulimia nerviosa no significa que no necesitan tratamiento. Las personas con conductas distorsionadas de la alimentaci\u00f3n, con s\u00edntomas similares a los de anorexia o bulimia pero que no cumplen unos de los criterios esenciales para la anorexia nerviosa o la bulimia nerviosa, pueden ser diagnosticadas con un TANE.<\/p>\n<p>Ejemplos de TANE incluyen, pero no est\u00e1n limitados a:<\/p>\n<ul>\n<li>Personas que regularmente tienen conductas de eliminaci\u00f3n pero no tienen episodios de atrac\u00f3n<\/li>\n<li>Mujeres que cumplen el criterio para la anorexia nerviosa pero contin\u00faan teniendo su menstruaci\u00f3n<\/li>\n<li>Personas que cumplen el criterio para la bulimia nerviosa pero que los atracones ocurren menos de dos veces a la semana<\/li>\n<\/ul>\n<p>\u00bfCu\u00e1n comunes son los TCA?<br \/>\nNo sabemos exactamente cu\u00e1ntas mujeres u hombres sufren de los TCA. Se estima que entre 0.3-1% de mujeres sufren de anorexia nerviosa y cerca de 3% sufren de bulimia nerviosa. Muchos m\u00e1s sufren de condiciones sub-cl\u00ednicas (es decir, que no tienen un diagn\u00f3stico oficial de un TCA, pero experimentan varios s\u00edntomas). Adem\u00e1s, muchas personas batallan con insatisfacci\u00f3n corporal, actitudes y conductas distorsionadas de la alimentaci\u00f3n. Por ejemplo, hay evidencia de que el 80% de las mujeres americanas est\u00e1n insatisfechas con su apariencia. (Smolak, 1996).<\/p>\n<p>Referencias:<\/p>\n<ol>\n<li>Collins, M.E. (1991). Body figure perceptions and preferences among pre-adolescent children. International Journal of Eating Disorders, 199-208.<\/li>\n<li>Crowther, J.H., Wolf, E.M., &amp; Sherwood, N. (1992). Epidemiology of bulimia nervosa. In M. Crowther, D.L. Tennenbaum. S.E. Hobfoll, &amp; M.A.P. Stephens (Eds.), The etiology of bulimia nervosa: The individual and familial context (pp. 1-26) Washington, D.C.: Taylor &amp; Francis.<\/li>\n<li>Fairburn, C.G., Hay, P.J., &amp; Welch, S.L. (1993). Binge eating and bulimia nervosa: Distribution and determinants. In C.G. Fairburn &amp; G.T. Wilson, (Eds.), Binge eating: Nature, assessment, and treatment (pp. 123-143). New York: Guilford.<\/li>\n<li>Gordon, R.A. (1990). Anorexia and bulimia: Anatomy of a social epidemic. New York: Blackwell.<\/li>\n<li>Gustafson-Larson, A.M., &amp; Terry, R.D. (1992). Weight-related behaviors and concerns of fourth-grade children. Journal of American Dietetic Association, 818-822.<\/li>\n<li>Hoek, H.W. (1995). The distribution of eating disorders. In K.D. Brownell &amp; C.G. Fairburn (Eds.) Eating Disorders and Obesity: A comprehensive handbook (pp. 207-211). New York: Guilford.<\/li>\n<li>Mellin, L., McNutt, S., Hu, Y., Schreiber, G.B., Crawford, P., &amp; Obarzanek, E. (1991). A longitudinal study of the dietary practices of black and white girls 9 and 10 years old at enrollment: The NHLBI growth and health study. Journal of Adolescent Health, 27-37.<\/li>\n<li>Shisslak, C.M., Crago, M., &amp; Estes, L.S. (1995). The spectrum of eating disturbances. International Journal of Eating Disorders, 18 (3), 209-219.<\/li>\n<li>Smolak, L. (1996). National Eating Disorders Association\/Next Door Neighbors puppet guide book.<\/li>\n<\/ol>\n<\/div>\n","protected":false},"excerpt":{"rendered":"<p>(De www.aedweb.org) Los trastornos de conducta alimentaria (TCA) se pueden reconocer por un patr\u00f3n persistente de comer no saludablemente o de hacer dietas no saludables. Estos patrones de conducta alimentaria est\u00e1n asociados con angustia emocional, f\u00edsica y social. Los TCA no discriminan a base del g\u00e9nero, edad, o raza. Se pueden encontrar en ambos g\u00e9neros, &hellip; <a href=\"https:\/\/www.med.unc.edu\/psych\/eatingdisorders\/learn-more\/informacion-en-espanol\/bfque-son-los-trastornos-de-la-conducta-alimentaria\/\" aria-label=\"Read more about \u00bfQu\u00e9 son los Trastornos de la Conducta Alimentaria?\">Read more<\/a><\/p>\n","protected":false},"author":1504,"featured_media":0,"parent":2228,"menu_order":15,"comment_status":"closed","ping_status":"closed","template":"","meta":{"_acf_changed":false,"layout":"","cellInformation":"","apiCallInformation":"","footnotes":"","_links_to":"","_links_to_target":""},"class_list":["post-2275","page","type-page","status-publish","hentry","odd"],"acf":[],"yoast_head":"<!-- This site is optimized with the Yoast SEO plugin v26.8 - https:\/\/yoast.com\/product\/yoast-seo-wordpress\/ -->\n<title>\u00bfQu\u00e9 son los Trastornos de la Conducta Alimentaria? - Center of Excellence for Eating Disorders<\/title>\n<meta name=\"robots\" content=\"index, follow, max-snippet:-1, max-image-preview:large, max-video-preview:-1\" \/>\n<link rel=\"canonical\" href=\"https:\/\/www.med.unc.edu\/psych\/eatingdisorders\/learn-more\/informacion-en-espanol\/bfque-son-los-trastornos-de-la-conducta-alimentaria\/\" \/>\n<meta property=\"og:locale\" content=\"en_US\" \/>\n<meta property=\"og:type\" content=\"article\" \/>\n<meta property=\"og:title\" content=\"\u00bfQu\u00e9 son los Trastornos de la Conducta Alimentaria? - Center of Excellence for Eating Disorders\" \/>\n<meta property=\"og:description\" content=\"(De www.aedweb.org) Los trastornos de conducta alimentaria (TCA) se pueden reconocer por un patr\u00f3n persistente de comer no saludablemente o de hacer dietas no saludables. Estos patrones de conducta alimentaria est\u00e1n asociados con angustia emocional, f\u00edsica y social. Los TCA no discriminan a base del g\u00e9nero, edad, o raza. Se pueden encontrar en ambos g\u00e9neros, &hellip; Read more\" \/>\n<meta property=\"og:url\" content=\"https:\/\/www.med.unc.edu\/psych\/eatingdisorders\/learn-more\/informacion-en-espanol\/bfque-son-los-trastornos-de-la-conducta-alimentaria\/\" \/>\n<meta property=\"og:site_name\" content=\"Center of Excellence for Eating Disorders\" \/>\n<meta property=\"article:modified_time\" content=\"2018-08-01T15:55:15+00:00\" \/>\n<meta name=\"twitter:card\" content=\"summary_large_image\" \/>\n<meta name=\"twitter:label1\" content=\"Est. reading time\" \/>\n\t<meta name=\"twitter:data1\" content=\"6 minutes\" \/>\n<script type=\"application\/ld+json\" class=\"yoast-schema-graph\">{\"@context\":\"https:\/\/schema.org\",\"@graph\":[{\"@type\":\"WebPage\",\"@id\":\"https:\/\/www.med.unc.edu\/psych\/eatingdisorders\/learn-more\/informacion-en-espanol\/bfque-son-los-trastornos-de-la-conducta-alimentaria\/\",\"url\":\"https:\/\/www.med.unc.edu\/psych\/eatingdisorders\/learn-more\/informacion-en-espanol\/bfque-son-los-trastornos-de-la-conducta-alimentaria\/\",\"name\":\"\u00bfQu\u00e9 son los Trastornos de la Conducta Alimentaria? - Center of Excellence for Eating Disorders\",\"isPartOf\":{\"@id\":\"https:\/\/www.med.unc.edu\/psych\/eatingdisorders\/#website\"},\"datePublished\":\"2010-11-15T21:15:00+00:00\",\"dateModified\":\"2018-08-01T15:55:15+00:00\",\"breadcrumb\":{\"@id\":\"https:\/\/www.med.unc.edu\/psych\/eatingdisorders\/learn-more\/informacion-en-espanol\/bfque-son-los-trastornos-de-la-conducta-alimentaria\/#breadcrumb\"},\"inLanguage\":\"en-US\",\"potentialAction\":[{\"@type\":\"ReadAction\",\"target\":[\"https:\/\/www.med.unc.edu\/psych\/eatingdisorders\/learn-more\/informacion-en-espanol\/bfque-son-los-trastornos-de-la-conducta-alimentaria\/\"]}]},{\"@type\":\"BreadcrumbList\",\"@id\":\"https:\/\/www.med.unc.edu\/psych\/eatingdisorders\/learn-more\/informacion-en-espanol\/bfque-son-los-trastornos-de-la-conducta-alimentaria\/#breadcrumb\",\"itemListElement\":[{\"@type\":\"ListItem\",\"position\":1,\"name\":\"Home\",\"item\":\"https:\/\/www.med.unc.edu\/psych\/eatingdisorders\/\"},{\"@type\":\"ListItem\",\"position\":2,\"name\":\"Learn More\",\"item\":\"https:\/\/www.med.unc.edu\/psych\/eatingdisorders\/learn-more\/\"},{\"@type\":\"ListItem\",\"position\":3,\"name\":\"Informaci\u00f3n\",\"item\":\"https:\/\/www.med.unc.edu\/psych\/eatingdisorders\/learn-more\/informacion-en-espanol\/\"},{\"@type\":\"ListItem\",\"position\":4,\"name\":\"\u00bfQu\u00e9 son los Trastornos de la Conducta Alimentaria?\"}]},{\"@type\":\"WebSite\",\"@id\":\"https:\/\/www.med.unc.edu\/psych\/eatingdisorders\/#website\",\"url\":\"https:\/\/www.med.unc.edu\/psych\/eatingdisorders\/\",\"name\":\"Center of Excellence for Eating Disorders\",\"description\":\"Department of Psychiatry\",\"potentialAction\":[{\"@type\":\"SearchAction\",\"target\":{\"@type\":\"EntryPoint\",\"urlTemplate\":\"https:\/\/www.med.unc.edu\/psych\/eatingdisorders\/?s={search_term_string}\"},\"query-input\":{\"@type\":\"PropertyValueSpecification\",\"valueRequired\":true,\"valueName\":\"search_term_string\"}}],\"inLanguage\":\"en-US\"}]}<\/script>\n<!-- \/ Yoast SEO plugin. -->","yoast_head_json":{"title":"\u00bfQu\u00e9 son los Trastornos de la Conducta Alimentaria? - Center of Excellence for Eating Disorders","robots":{"index":"index","follow":"follow","max-snippet":"max-snippet:-1","max-image-preview":"max-image-preview:large","max-video-preview":"max-video-preview:-1"},"canonical":"https:\/\/www.med.unc.edu\/psych\/eatingdisorders\/learn-more\/informacion-en-espanol\/bfque-son-los-trastornos-de-la-conducta-alimentaria\/","og_locale":"en_US","og_type":"article","og_title":"\u00bfQu\u00e9 son los Trastornos de la Conducta Alimentaria? - Center of Excellence for Eating Disorders","og_description":"(De www.aedweb.org) Los trastornos de conducta alimentaria (TCA) se pueden reconocer por un patr\u00f3n persistente de comer no saludablemente o de hacer dietas no saludables. Estos patrones de conducta alimentaria est\u00e1n asociados con angustia emocional, f\u00edsica y social. Los TCA no discriminan a base del g\u00e9nero, edad, o raza. Se pueden encontrar en ambos g\u00e9neros, &hellip; Read more","og_url":"https:\/\/www.med.unc.edu\/psych\/eatingdisorders\/learn-more\/informacion-en-espanol\/bfque-son-los-trastornos-de-la-conducta-alimentaria\/","og_site_name":"Center of Excellence for Eating Disorders","article_modified_time":"2018-08-01T15:55:15+00:00","twitter_card":"summary_large_image","twitter_misc":{"Est. reading time":"6 minutes"},"schema":{"@context":"https:\/\/schema.org","@graph":[{"@type":"WebPage","@id":"https:\/\/www.med.unc.edu\/psych\/eatingdisorders\/learn-more\/informacion-en-espanol\/bfque-son-los-trastornos-de-la-conducta-alimentaria\/","url":"https:\/\/www.med.unc.edu\/psych\/eatingdisorders\/learn-more\/informacion-en-espanol\/bfque-son-los-trastornos-de-la-conducta-alimentaria\/","name":"\u00bfQu\u00e9 son los Trastornos de la Conducta Alimentaria? - Center of Excellence for Eating Disorders","isPartOf":{"@id":"https:\/\/www.med.unc.edu\/psych\/eatingdisorders\/#website"},"datePublished":"2010-11-15T21:15:00+00:00","dateModified":"2018-08-01T15:55:15+00:00","breadcrumb":{"@id":"https:\/\/www.med.unc.edu\/psych\/eatingdisorders\/learn-more\/informacion-en-espanol\/bfque-son-los-trastornos-de-la-conducta-alimentaria\/#breadcrumb"},"inLanguage":"en-US","potentialAction":[{"@type":"ReadAction","target":["https:\/\/www.med.unc.edu\/psych\/eatingdisorders\/learn-more\/informacion-en-espanol\/bfque-son-los-trastornos-de-la-conducta-alimentaria\/"]}]},{"@type":"BreadcrumbList","@id":"https:\/\/www.med.unc.edu\/psych\/eatingdisorders\/learn-more\/informacion-en-espanol\/bfque-son-los-trastornos-de-la-conducta-alimentaria\/#breadcrumb","itemListElement":[{"@type":"ListItem","position":1,"name":"Home","item":"https:\/\/www.med.unc.edu\/psych\/eatingdisorders\/"},{"@type":"ListItem","position":2,"name":"Learn More","item":"https:\/\/www.med.unc.edu\/psych\/eatingdisorders\/learn-more\/"},{"@type":"ListItem","position":3,"name":"Informaci\u00f3n","item":"https:\/\/www.med.unc.edu\/psych\/eatingdisorders\/learn-more\/informacion-en-espanol\/"},{"@type":"ListItem","position":4,"name":"\u00bfQu\u00e9 son los Trastornos de la Conducta Alimentaria?"}]},{"@type":"WebSite","@id":"https:\/\/www.med.unc.edu\/psych\/eatingdisorders\/#website","url":"https:\/\/www.med.unc.edu\/psych\/eatingdisorders\/","name":"Center of Excellence for Eating Disorders","description":"Department of Psychiatry","potentialAction":[{"@type":"SearchAction","target":{"@type":"EntryPoint","urlTemplate":"https:\/\/www.med.unc.edu\/psych\/eatingdisorders\/?s={search_term_string}"},"query-input":{"@type":"PropertyValueSpecification","valueRequired":true,"valueName":"search_term_string"}}],"inLanguage":"en-US"}]}},"_links_to":[],"_links_to_target":[],"_links":{"self":[{"href":"https:\/\/www.med.unc.edu\/psych\/eatingdisorders\/wp-json\/wp\/v2\/pages\/2275","targetHints":{"allow":["GET"]}}],"collection":[{"href":"https:\/\/www.med.unc.edu\/psych\/eatingdisorders\/wp-json\/wp\/v2\/pages"}],"about":[{"href":"https:\/\/www.med.unc.edu\/psych\/eatingdisorders\/wp-json\/wp\/v2\/types\/page"}],"author":[{"embeddable":true,"href":"https:\/\/www.med.unc.edu\/psych\/eatingdisorders\/wp-json\/wp\/v2\/users\/1504"}],"replies":[{"embeddable":true,"href":"https:\/\/www.med.unc.edu\/psych\/eatingdisorders\/wp-json\/wp\/v2\/comments?post=2275"}],"version-history":[{"count":0,"href":"https:\/\/www.med.unc.edu\/psych\/eatingdisorders\/wp-json\/wp\/v2\/pages\/2275\/revisions"}],"up":[{"embeddable":true,"href":"https:\/\/www.med.unc.edu\/psych\/eatingdisorders\/wp-json\/wp\/v2\/pages\/2228"}],"wp:attachment":[{"href":"https:\/\/www.med.unc.edu\/psych\/eatingdisorders\/wp-json\/wp\/v2\/media?parent=2275"}],"curies":[{"name":"wp","href":"https:\/\/api.w.org\/{rel}","templated":true}]}}