{"id":3224,"date":"2021-05-19T20:41:04","date_gmt":"2021-05-20T00:41:04","guid":{"rendered":"https:\/\/www.med.unc.edu\/shac\/?page_id=3224"},"modified":"2021-05-19T21:28:33","modified_gmt":"2021-05-20T01:28:33","slug":"about-the-clinic-2","status":"publish","type":"page","link":"https:\/\/www.med.unc.edu\/shac\/home-page-espanol\/about-the-clinic-2\/","title":{"rendered":"Sobre la cl\u00ednica"},"content":{"rendered":"<h2>Prop\u00f3sito:<\/h2>\n<p>SHAC (la Coalici\u00f3n de Acci\u00f3n de Estudiantes de Salud) provee cuidados de salud y servicios gratuitos a poblaciones marginadas al mismo tiempo que los estudiantes de Ciencias de Salud de UNC participan en actividades interdisciplinarias de aprendizaje a trav\u00e9s de servicio.<\/p>\n<h2>Misi\u00f3n:<\/h2>\n<p>SHAC es una organizaci\u00f3n dirigida por estudiantes cuya misi\u00f3n es:<\/p>\n<p>1. Proveer servicios de salud gratuitos a nuestra comunidad y sus alrededores que no cuentan con seguro o tienen una cobertura insuficiente en Carrboro, Chapel Hill y Durham.<\/p>\n<p>2. Asociarse con comunidades para desarrollar e implementar programas sostenibles<\/p>\n<p>3. Crear un ambiente de aprendizaje a trav\u00e9s de servicio interdisciplinario para los estudiantes en programas de Ciencias de Salud en UNC<\/p>\n<h2>Participantes:<\/h2>\n<p>SHAC es completamente manejado por estudiantes voluntarios de varias escuelas in UNC-CH incluyendo:<\/p>\n<p>&#8211; Escuela de Medicina<\/p>\n<p>&#8211; Escuela de Enfermer\u00eda<\/p>\n<p>&#8211; Escuela de Farmacolog\u00eda<\/p>\n<p>&#8211; Escuela de Odontolog\u00eda<\/p>\n<p>&#8211; Escuela de Salud Publica<\/p>\n<p>&#8211; Escuela de Trabajo Social<\/p>\n<p>&#8211; Escuela de Negocios<\/p>\n<p>&#8211; Divisi\u00f3n de Terapia F\u00edsica (Departamento de Ciencias de Salud Aliadas)<\/p>\n<p>&#8211; Divisi\u00f3n de Terapia Ocupacional (Departamento de Ciencias de Salud Aliadas)<\/p>\n<p>&#8211; Divisi\u00f3n de Patolog\u00eda de Habla e Idioma (Departamento de Ciencias de Salud Aliadas)<\/p>\n","protected":false},"excerpt":{"rendered":"<p>Prop\u00f3sito: SHAC (la Coalici\u00f3n de Acci\u00f3n de Estudiantes de Salud) provee cuidados de salud y servicios gratuitos a poblaciones marginadas al mismo tiempo que los estudiantes de Ciencias de Salud de UNC participan en actividades interdisciplinarias de aprendizaje a trav\u00e9s de servicio. Misi\u00f3n: SHAC es una organizaci\u00f3n dirigida por estudiantes cuya misi\u00f3n es: 1. Proveer &hellip; <a href=\"https:\/\/www.med.unc.edu\/shac\/home-page-espanol\/about-the-clinic-2\/\" aria-label=\"Read more about Sobre la cl\u00ednica\">Read more<\/a><\/p>\n","protected":false},"author":110629,"featured_media":0,"parent":3218,"menu_order":0,"comment_status":"closed","ping_status":"closed","template":"","meta":{"_acf_changed":false,"layout":"","cellInformation":"","apiCallInformation":"","footnotes":"","_links_to":"","_links_to_target":""},"class_list":["post-3224","page","type-page","status-publish","hentry","odd"],"acf":[],"_links_to":[],"_links_to_target":[],"_links":{"self":[{"href":"https:\/\/www.med.unc.edu\/shac\/wp-json\/wp\/v2\/pages\/3224","targetHints":{"allow":["GET"]}}],"collection":[{"href":"https:\/\/www.med.unc.edu\/shac\/wp-json\/wp\/v2\/pages"}],"about":[{"href":"https:\/\/www.med.unc.edu\/shac\/wp-json\/wp\/v2\/types\/page"}],"author":[{"embeddable":true,"href":"https:\/\/www.med.unc.edu\/shac\/wp-json\/wp\/v2\/users\/110629"}],"replies":[{"embeddable":true,"href":"https:\/\/www.med.unc.edu\/shac\/wp-json\/wp\/v2\/comments?post=3224"}],"version-history":[{"count":0,"href":"https:\/\/www.med.unc.edu\/shac\/wp-json\/wp\/v2\/pages\/3224\/revisions"}],"up":[{"embeddable":true,"href":"https:\/\/www.med.unc.edu\/shac\/wp-json\/wp\/v2\/pages\/3218"}],"wp:attachment":[{"href":"https:\/\/www.med.unc.edu\/shac\/wp-json\/wp\/v2\/media?parent=3224"}],"curies":[{"name":"wp","href":"https:\/\/api.w.org\/{rel}","templated":true}]}}