{"id":3268,"date":"2021-05-19T21:19:59","date_gmt":"2021-05-20T01:19:59","guid":{"rendered":"https:\/\/www.med.unc.edu\/shac\/?page_id=3268"},"modified":"2024-06-13T16:17:59","modified_gmt":"2024-06-13T20:17:59","slug":"well-woman","status":"publish","type":"page","link":"https:\/\/www.med.unc.edu\/shac\/home-page-espanol\/programs-2\/well-woman\/","title":{"rendered":"Cl\u00ednica de Salud de la Mujer"},"content":{"rendered":"<div class=\"row  oscitas-bootstrap-container\">\n<div class=\"col-lg-6 col-md-12 col-xs-12 col-sm-12 oscitas-bootstrap-container\">\n<img loading=\"lazy\" decoding=\"async\" class=\"alignnone wp-image-3459 size-full\" src=\"https:\/\/www.med.unc.edu\/shac\/wp-content\/uploads\/sites\/1231\/2021\/08\/Gyn-Wellness-Clinic-logo.png\" alt=\"gynwellness\" width=\"500\" height=\"500\" srcset=\"https:\/\/www.med.unc.edu\/shac\/wp-content\/uploads\/sites\/1231\/2021\/08\/Gyn-Wellness-Clinic-logo.png 500w, https:\/\/www.med.unc.edu\/shac\/wp-content\/uploads\/sites\/1231\/2021\/08\/Gyn-Wellness-Clinic-logo-300x300.png 300w, https:\/\/www.med.unc.edu\/shac\/wp-content\/uploads\/sites\/1231\/2021\/08\/Gyn-Wellness-Clinic-logo-150x150.png 150w\" sizes=\"auto, (max-width: 500px) 100vw, 500px\" \/><\/div>\n<div class=\"col-lg-6 col-md-12 col-xs-12 col-sm-12 oscitas-bootstrap-container\">\n<p><a href=\"https:\/\/www.med.unc.edu\/shac\/wp-content\/uploads\/sites\/1231\/2021\/04\/PXL_20210301_201653843.PORTRAIT-scaled.jpg\"><img loading=\"lazy\" decoding=\"async\" class=\"alignnone wp-image-2839 size-full\" src=\"https:\/\/www.med.unc.edu\/shac\/wp-content\/uploads\/sites\/1231\/2021\/04\/PXL_20210301_201653843.PORTRAIT-scaled.jpg\" alt=\"\" width=\"2560\" height=\"1851\" srcset=\"https:\/\/www.med.unc.edu\/shac\/wp-content\/uploads\/sites\/1231\/2021\/04\/PXL_20210301_201653843.PORTRAIT-scaled.jpg 2560w, https:\/\/www.med.unc.edu\/shac\/wp-content\/uploads\/sites\/1231\/2021\/04\/PXL_20210301_201653843.PORTRAIT-300x217.jpg 300w, https:\/\/www.med.unc.edu\/shac\/wp-content\/uploads\/sites\/1231\/2021\/04\/PXL_20210301_201653843.PORTRAIT-1024x741.jpg 1024w, https:\/\/www.med.unc.edu\/shac\/wp-content\/uploads\/sites\/1231\/2021\/04\/PXL_20210301_201653843.PORTRAIT-768x555.jpg 768w, https:\/\/www.med.unc.edu\/shac\/wp-content\/uploads\/sites\/1231\/2021\/04\/PXL_20210301_201653843.PORTRAIT-1536x1111.jpg 1536w, https:\/\/www.med.unc.edu\/shac\/wp-content\/uploads\/sites\/1231\/2021\/04\/PXL_20210301_201653843.PORTRAIT-2048x1481.jpg 2048w, https:\/\/www.med.unc.edu\/shac\/wp-content\/uploads\/sites\/1231\/2021\/04\/PXL_20210301_201653843.PORTRAIT-600x434.jpg 600w\" sizes=\"auto, (max-width: 2560px) 100vw, 2560px\" \/><\/a><\/div>\n<\/div>\n<p>&nbsp;<\/p>\n<div class=\"panel panel-warning  oscitas-bootstrap-container\">\n<div class=\"panel-heading oscitas-bootstrap-container\">\n<h3 style=\"text-align: center\">Nuestra Misi\u00f3n<\/h3>\n<\/div>\n<div class=\"panel-body oscitas-bootstrap-container\">\n<p>SHAC Cl\u00ednica de Salud de la Mujer provee visitas cada tercer mi\u00e9rcoles del mes para pacientes que necesitan cuidado de salud reproductiva y ginecol\u00f3gica. Los servicios incluyen: visitas de bienestar reproductiva y sexual, ex\u00e1menes de senos, ex\u00e1menes p\u00e9lvicos, pruebas de Papanicolaou (frotis\/citolog\u00eda) y pruebas para las infecciones sexuales. Anticoncepci\u00f3n y tratamientos para la menopausia tambi\u00e9n est\u00e1n disponibles. Les consejamos a los pacientes que tengan inter\u00e9s en la anticoncepci\u00f3n o los medicamentos que revisen nuestra \u201cPreguntas Frecuentes\u201d antes de la cita.<\/p>\n<\/div>\n<\/div>\n<p style=\"text-align: center\"><div class=\"panel panel-primary  oscitas-bootstrap-container\">\n<div class=\"panel-heading oscitas-bootstrap-container\">\n<h3 style=\"text-align: center\"><span style=\"color: #ffffff\">Ubicaci\u00f3n &amp; Horario<\/span><\/h3>\n<p style=\"text-align: center\"><\/div>\n<p style=\"text-align: center\"><div class=\"panel-body oscitas-bootstrap-container\">\n<p style=\"text-align: center\">Nuestra cl\u00ednica gratis tiene citas <strong>cada tercer mi\u00e9rcoles<\/strong> entre 5:30pm y 10:00 pm. La cl\u00ednica est\u00e1 en:<\/p>\n<p style=\"text-align: center\"><a class=\"external-link\" title=\"\" href=\"http:\/\/maps.google.com\/maps?q=301+Lloyd+St,+Carrboro,+NC+27510,+USA&amp;amp;ie=UTF8&amp;amp;z=16&amp;amp;iwloc=addr&amp;amp;om=1\" target=\"_blank\" rel=\"noopener noreferrer\"><br \/>\nCarrboro Community Health Center<br \/>\n301 Lloyd St<br \/>\nCarrboro, NC 27510<\/a><\/p>\n<p style=\"text-align: center\"><\/div>\n<\/div>\n<p>&nbsp;<\/p>\n<h2 class=\"section-som\"><span>Preguntas Frecuentes<\/span><\/h2>\n<ul>\n<li><strong>\u00bfLa Cl\u00ednica de Salud de la Mujer provee anticoncepci\u00f3n?<\/strong> Si, podemos ayudarles a los pacientes a recibir anticonceptivos. Sin embargo, no ofrecemos anticonceptivo gratis. Ayudamos a los pacientes con la procesa de obtener un dispositivo intrauterino (DIU) gratis, tanto como anticonceptivos orales y tratamiento para la menopausia.<\/li>\n<li><strong>\u00bfC\u00f3mo puedo obtener anticonceptivo y\/o medicamentos sin seguro de salud?<\/strong>o Por favor, traiga prueba de ingreso (tal\u00f3n de pago, W2, 1099, etc.) a su cita. En su primera cita, podemos completar trabajo administrativo para darle una receta gratis. Si no tiene prueba de ingreso, no se preocupe. Puede rellenar un formulario en SHAC que le dar\u00e1 derecho a hacer una solicitud.<\/li>\n<\/ul>\n<p>&nbsp;<\/p>\n<ol>\n<li style=\"list-style-type: none;text-align: left\"><h2 class=\"section-som\"><span>Haga una Cita<\/span><\/h2><\/li>\n<\/ol>\n<p>Tiene dos opciones para<strong> hacer una cita:<\/strong><\/p>\n<ol>\n<li><strong><a href=\"tel:9845381031\">Llame a 984-538-1031<\/a>,<\/strong> espere por la l\u00ednea hasta terminaci\u00f3n a la sonada, y deje un mensaje con su nombre completo, numero de tel\u00e9fono y el motivo de su visita. Para reducir el riesgo a los pacientes y los cuidadores, puede pedir por una cita de \u201ctelehealth\u201d por tel\u00e9fono o video para pacientes que tienen preocupaciones que pueden ser evaluado remotamente.<\/li>\n<li>Llene <a href=\"https:\/\/unc.az1.qualtrics.com\/jfe\/form\/SV_55Rdgf9gjKab1Wd\">este forma aqu\u00ed<\/a>.<\/li>\n<\/ol>\n<hr class=\" rule-dotted osc-rule\" \/>\n<p>Estudiantes de SHAC cumplen con <a href=\"http:\/\/www.hhs.gov\/ocr\/hipaa\/\">regulaciones de HIPAA<\/a>, y registros m\u00e9dicos de pacientes son mantenidos con est\u00e1ndares de confidencialidad.<\/p>\n<p class=\"p1\"><h2 class=\"section-som\"><span>Contacta con Nosotros<\/span><\/h2>\n<p class=\"p1\">Para preguntas sobre La Clinica de Salud de la Mujer, por favor usar: <a href=\"mailto:shac_wellwoman@med.unc.edu\">shac_wellwoman@med.unc.edu<\/a><\/p>\n","protected":false},"excerpt":{"rendered":"<p>&nbsp; &nbsp; \u00bfLa Cl\u00ednica de Salud de la Mujer provee anticoncepci\u00f3n? Si, podemos ayudarles a los pacientes a recibir anticonceptivos. Sin embargo, no ofrecemos anticonceptivo gratis. Ayudamos a los pacientes con la procesa de obtener un dispositivo intrauterino (DIU) gratis, tanto como anticonceptivos orales y tratamiento para la menopausia. \u00bfC\u00f3mo puedo obtener anticonceptivo y\/o medicamentos &hellip; <a href=\"https:\/\/www.med.unc.edu\/shac\/home-page-espanol\/programs-2\/well-woman\/\" aria-label=\"Read more about Cl\u00ednica de Salud de la Mujer\">Read more<\/a><\/p>\n","protected":false},"author":110629,"featured_media":0,"parent":3256,"menu_order":30,"comment_status":"closed","ping_status":"closed","template":"","meta":{"_acf_changed":false,"layout":"","cellInformation":"","apiCallInformation":"","footnotes":"","_links_to":"","_links_to_target":""},"class_list":["post-3268","page","type-page","status-publish","hentry","odd"],"acf":[],"_links_to":[],"_links_to_target":[],"_links":{"self":[{"href":"https:\/\/www.med.unc.edu\/shac\/wp-json\/wp\/v2\/pages\/3268","targetHints":{"allow":["GET"]}}],"collection":[{"href":"https:\/\/www.med.unc.edu\/shac\/wp-json\/wp\/v2\/pages"}],"about":[{"href":"https:\/\/www.med.unc.edu\/shac\/wp-json\/wp\/v2\/types\/page"}],"author":[{"embeddable":true,"href":"https:\/\/www.med.unc.edu\/shac\/wp-json\/wp\/v2\/users\/110629"}],"replies":[{"embeddable":true,"href":"https:\/\/www.med.unc.edu\/shac\/wp-json\/wp\/v2\/comments?post=3268"}],"version-history":[{"count":0,"href":"https:\/\/www.med.unc.edu\/shac\/wp-json\/wp\/v2\/pages\/3268\/revisions"}],"up":[{"embeddable":true,"href":"https:\/\/www.med.unc.edu\/shac\/wp-json\/wp\/v2\/pages\/3256"}],"wp:attachment":[{"href":"https:\/\/www.med.unc.edu\/shac\/wp-json\/wp\/v2\/media?parent=3268"}],"curies":[{"name":"wp","href":"https:\/\/api.w.org\/{rel}","templated":true}]}}