{"id":3269,"date":"2021-05-19T21:20:05","date_gmt":"2021-05-20T01:20:05","guid":{"rendered":"https:\/\/www.med.unc.edu\/shac\/?page_id=3269"},"modified":"2024-06-13T16:21:01","modified_gmt":"2024-06-13T20:21:01","slug":"well-child","status":"publish","type":"page","link":"https:\/\/www.med.unc.edu\/shac\/home-page-espanol\/programs-2\/well-child\/","title":{"rendered":"Visitas de rutina para ni\u00f1os sanos"},"content":{"rendered":"<p>&nbsp;<\/p>\n<p><a href=\"https:\/\/www.med.unc.edu\/shac\/wp-content\/uploads\/sites\/1231\/2021\/04\/Well-Child-Clinic.png\"><img loading=\"lazy\" decoding=\"async\" class=\"size-medium wp-image-2833 alignleft\" src=\"https:\/\/www.med.unc.edu\/shac\/wp-content\/uploads\/sites\/1231\/2021\/04\/Well-Child-Clinic-300x204.png\" alt=\"\" width=\"300\" height=\"204\" srcset=\"https:\/\/www.med.unc.edu\/shac\/wp-content\/uploads\/sites\/1231\/2021\/04\/Well-Child-Clinic-300x204.png 300w, https:\/\/www.med.unc.edu\/shac\/wp-content\/uploads\/sites\/1231\/2021\/04\/Well-Child-Clinic-768x523.png 768w, https:\/\/www.med.unc.edu\/shac\/wp-content\/uploads\/sites\/1231\/2021\/04\/Well-Child-Clinic-600x409.png 600w, https:\/\/www.med.unc.edu\/shac\/wp-content\/uploads\/sites\/1231\/2021\/04\/Well-Child-Clinic.png 822w\" sizes=\"auto, (max-width: 300px) 100vw, 300px\" \/><\/a><\/p>\n<div class=\"panel panel-warning  oscitas-bootstrap-container\">\n<div class=\"panel-heading oscitas-bootstrap-container\">\n<h3 style=\"text-align: center\">Nuestra misi\u00f3n<\/h3>\n<\/div>\n<div class=\"panel-body oscitas-bootstrap-container\">\n<p><span class=\"TextRun SCXW96340945 BCX9\" lang=\"EN\" xml:lang=\"EN\" data-contrast=\"auto\"><span class=\"NormalTextRun SCXW96340945 BCX9\">SHAC Well Child permite que los ni\u00f1os en edad escolar reciban todas las vacunas y los ex\u00e1menes f\u00edsicos necesarios para el ingreso a la escuela y la participaci\u00f3n en las actividades escolares. Adem\u00e1s, brinda asesoramiento y educaci\u00f3n sobre opciones de estilo de vida saludable para los ni\u00f1os y sus padres, y conecta a los padres con las opciones de asistencia para el pago de la atenci\u00f3n m\u00e9dica y la atenci\u00f3n m\u00e9dica accesible. Tambi\u00e9n permitimos que los estudiantes de profesiones de la salud aprendan sobre la atenci\u00f3n interdisciplinaria de las poblaciones pedi\u00e1tricas. <\/span><\/span><span class=\"EOP SCXW96340945 BCX9\" data-ccp-props=\"{&quot;201341983&quot;:0,&quot;335559740&quot;:360}\">\u00a0<\/span><\/p>\n<\/div>\n<\/div>\n<p style=\"text-align: center\"><div class=\"panel panel-primary  oscitas-bootstrap-container\">\n<div class=\"panel-heading oscitas-bootstrap-container\">\n<h3 style=\"text-align: center\"><span style=\"color: #ffffff\">Ubicaci\u00f3n y horario de servicios:<\/span><\/h3>\n<p style=\"text-align: center\"><\/div>\n<p style=\"text-align: center\"><div class=\"panel-body oscitas-bootstrap-container\">\n<p style=\"text-align: center\">La cl\u00ednica SHAC Well Child opera todos los martes de 5:00 p.m. a 9:00 p.m. durante agosto y septiembre de 2021. Las citas comienzan a las 5:30 p.m.<\/p>\n<p style=\"text-align: center\">La cl\u00ednica SHAC Well Child se encuentra dentro del Carrboro Community Health Center. La direcci\u00f3n es:<\/p>\n<p style=\"text-align: center\"><a class=\"external-link\" title=\"\" href=\"http:\/\/maps.google.com\/maps?q=301+Lloyd+St,+Carrboro,+NC+27510,+USA&amp;amp;ie=UTF8&amp;amp;z=16&amp;amp;iwloc=addr&amp;amp;om=1\" target=\"_blank\" rel=\"noopener noreferrer\"><br \/>\nCarrboro Community Health Center<br \/>\n301 Lloyd St<br \/>\nCarrboro, NC 27510<\/a><\/p>\n<p>&nbsp;<\/p>\n<p style=\"text-align: center\"><\/div>\n<\/div>\n<p>&nbsp;<\/p>\n<h2 class=\"section-som\"><span>Hacer una cita con nosotros<\/span><\/h2>\n<p><strong>*Si tiene una emergencia, llame al 911 o vaya al Departamento de Emergencias de la UNC, ubicado en 101 Manning Drive, Chapel Hill, NC.*<\/strong><\/p>\n<p><strong>Todos las citas est\u00e1n llenas, complete esto para unirse a la lista de espera, <\/strong>por favor complete <a href=\"https:\/\/qfreeaccountssjc1.az1.qualtrics.com\/jfe\/form\/SV_0CHwlwQZSeEGCpg\">este formulario de solicitud.<\/a><\/p>\n<p class=\"p1\"><h2 class=\"section-som\"><span>Para contactar con nosotros<\/span><\/h2>\n<p class=\"p1\">Si tiene preguntas sobre la cl\u00ednica SHAC Well Child, env\u00ede un correo electr\u00f3nico a <a href=\"mailto:shac_wellchild@med.unc.edu\">shac_wellchild@med.unc.edu.<\/a><\/p>\n","protected":false},"excerpt":{"rendered":"<p>&nbsp; &nbsp; *Si tiene una emergencia, llame al 911 o vaya al Departamento de Emergencias de la UNC, ubicado en 101 Manning Drive, Chapel Hill, NC.* Todos las citas est\u00e1n llenas, complete esto para unirse a la lista de espera, por favor complete este formulario de solicitud. Si tiene preguntas sobre la cl\u00ednica SHAC Well &hellip; <a href=\"https:\/\/www.med.unc.edu\/shac\/home-page-espanol\/programs-2\/well-child\/\" aria-label=\"Read more about Visitas de rutina para ni\u00f1os sanos\">Read more<\/a><\/p>\n","protected":false},"author":110629,"featured_media":0,"parent":3256,"menu_order":31,"comment_status":"closed","ping_status":"closed","template":"","meta":{"_acf_changed":false,"layout":"","cellInformation":"","apiCallInformation":"","footnotes":"","_links_to":"","_links_to_target":""},"class_list":["post-3269","page","type-page","status-publish","hentry","odd"],"acf":[],"_links_to":[],"_links_to_target":[],"_links":{"self":[{"href":"https:\/\/www.med.unc.edu\/shac\/wp-json\/wp\/v2\/pages\/3269","targetHints":{"allow":["GET"]}}],"collection":[{"href":"https:\/\/www.med.unc.edu\/shac\/wp-json\/wp\/v2\/pages"}],"about":[{"href":"https:\/\/www.med.unc.edu\/shac\/wp-json\/wp\/v2\/types\/page"}],"author":[{"embeddable":true,"href":"https:\/\/www.med.unc.edu\/shac\/wp-json\/wp\/v2\/users\/110629"}],"replies":[{"embeddable":true,"href":"https:\/\/www.med.unc.edu\/shac\/wp-json\/wp\/v2\/comments?post=3269"}],"version-history":[{"count":0,"href":"https:\/\/www.med.unc.edu\/shac\/wp-json\/wp\/v2\/pages\/3269\/revisions"}],"up":[{"embeddable":true,"href":"https:\/\/www.med.unc.edu\/shac\/wp-json\/wp\/v2\/pages\/3256"}],"wp:attachment":[{"href":"https:\/\/www.med.unc.edu\/shac\/wp-json\/wp\/v2\/media?parent=3269"}],"curies":[{"name":"wp","href":"https:\/\/api.w.org\/{rel}","templated":true}]}}