{"id":3272,"date":"2021-05-19T21:20:22","date_gmt":"2021-05-20T01:20:22","guid":{"rendered":"https:\/\/www.med.unc.edu\/shac\/?page_id=3272"},"modified":"2024-06-13T16:07:59","modified_gmt":"2024-06-13T20:07:59","slug":"get-covered-carolina","status":"publish","type":"page","link":"https:\/\/www.med.unc.edu\/shac\/home-page-espanol\/programs-2\/get-covered-carolina\/","title":{"rendered":"Consiga Cobertura con Carolina"},"content":{"rendered":"<p>&nbsp;<\/p>\n<div class=\"panel panel-warning  oscitas-bootstrap-container\">\n<div class=\"panel-heading oscitas-bootstrap-container\">\n<h3 style=\"text-align: center\">Sobre nosotros<\/h3>\n<\/div>\n<div class=\"panel-body oscitas-bootstrap-container\">\n<p><a href=\"https:\/\/www.med.unc.edu\/shac\/wp-content\/uploads\/sites\/1231\/2021\/04\/Patient-Meeting_Dimitry-Shitarev2.png\"><img loading=\"lazy\" decoding=\"async\" class=\"size-medium wp-image-2863 alignleft\" src=\"https:\/\/www.med.unc.edu\/shac\/wp-content\/uploads\/sites\/1231\/2021\/04\/Patient-Meeting_Dimitry-Shitarev2-300x249.png\" alt=\"\" width=\"300\" height=\"249\" srcset=\"https:\/\/www.med.unc.edu\/shac\/wp-content\/uploads\/sites\/1231\/2021\/04\/Patient-Meeting_Dimitry-Shitarev2-300x249.png 300w, https:\/\/www.med.unc.edu\/shac\/wp-content\/uploads\/sites\/1231\/2021\/04\/Patient-Meeting_Dimitry-Shitarev2-768x638.png 768w, https:\/\/www.med.unc.edu\/shac\/wp-content\/uploads\/sites\/1231\/2021\/04\/Patient-Meeting_Dimitry-Shitarev2-600x499.png 600w, https:\/\/www.med.unc.edu\/shac\/wp-content\/uploads\/sites\/1231\/2021\/04\/Patient-Meeting_Dimitry-Shitarev2.png 1011w\" sizes=\"auto, (max-width: 300px) 100vw, 300px\" \/><\/a><\/p>\n<p>Consiga Cobertura con Carolina trabaja con pacientes necesitados y vulnerables de la comunidad para ayudarlos a navegar por el mercado virtual de seguros m\u00e9dicos y sus opciones de cobertura m\u00e9dica. Nuestros consejeros certificados a trav\u00e9s de Certified Application Counselor interact\u00faan presencialmente con los clientes y los gu\u00edan por el sitio web del mercado de seguros m\u00e9dicos. Tambi\u00e9n aclaramos cualquier duda o preocupaci\u00f3n sobre el proceso de solicitud, seguros m\u00e9dicos o cualquier otro problema. Nuestra organizaci\u00f3n opera durante un per\u00edodo de inscripci\u00f3n abierta llamado Open Enrollment cada a\u00f1o, pero por favor cont\u00e1ctenos a trav\u00e9s de nuestro correo electr\u00f3nico o n\u00famero de tel\u00e9fono si tiene alguna duda relacionada con el seguro m\u00e9dico en cualquier momento.<\/p>\n<\/div>\n<\/div>\n<p>&nbsp;<\/p>\n<p class=\"p1\"><h2 class=\"section-som\"><span>About Us<\/span><\/h2>\n<p style=\"text-align: center\">Consiga Cobertura con Carolina (Get Covered Carolina en ingl\u00e9s) brinda ayuda a los miembros no asegurados de la comunidad a solicitar cobertura de seguro m\u00e9dico a trav\u00e9s del <a href=\"http:\/\/www.hhs.gov\/healthcare\/rights\/\">Affordable Care Act<\/a><em>. <\/em>Los voluntarios ofrecen asesor\u00eda individual a pacientes reclutados a trav\u00e9s de asociaciones con la Cl\u00ednica M\u00e9dica de SHAC, el centro de salud Piedmont Health Services y el Departamento de Medicina Familiar de UNC. El Departamento de Sanidad y Servicios Humanos de los Estados Unidos reconoce a Consiga Cobertura con Carolina como una organizaci\u00f3n miembro de <a href=\"https:\/\/marketplace.cms.gov\/technical-assistance-resources\/assister-programs\/cac.html\">Certified Application Counselor.<\/a><\/p>\n<p style=\"text-align: center\"><a href=\"https:\/\/www.med.unc.edu\/shac\/wp-content\/uploads\/sites\/1231\/2021\/04\/GCC-General_Dimitry-Shitarev1.png\"><img loading=\"lazy\" decoding=\"async\" class=\"size-medium wp-image-2862 aligncenter\" src=\"https:\/\/www.med.unc.edu\/shac\/wp-content\/uploads\/sites\/1231\/2021\/04\/GCC-General_Dimitry-Shitarev1-300x198.png\" alt=\"\" width=\"300\" height=\"198\" srcset=\"https:\/\/www.med.unc.edu\/shac\/wp-content\/uploads\/sites\/1231\/2021\/04\/GCC-General_Dimitry-Shitarev1-300x198.png 300w, https:\/\/www.med.unc.edu\/shac\/wp-content\/uploads\/sites\/1231\/2021\/04\/GCC-General_Dimitry-Shitarev1-1024x674.png 1024w, https:\/\/www.med.unc.edu\/shac\/wp-content\/uploads\/sites\/1231\/2021\/04\/GCC-General_Dimitry-Shitarev1-768x506.png 768w, https:\/\/www.med.unc.edu\/shac\/wp-content\/uploads\/sites\/1231\/2021\/04\/GCC-General_Dimitry-Shitarev1-600x395.png 600w, https:\/\/www.med.unc.edu\/shac\/wp-content\/uploads\/sites\/1231\/2021\/04\/GCC-General_Dimitry-Shitarev1.png 1192w\" sizes=\"auto, (max-width: 300px) 100vw, 300px\" \/><\/a><\/p>\n<p>&nbsp;<\/p>\n<h2 class=\"section-som\"><span>Frequently Asked Questions<\/span><\/h2>\n<p><strong>\u00bfCu\u00e1ndo puedo inscribirme en un seguro m\u00e9dico?<\/strong><\/p>\n<p>Normalmente, durante el per\u00edodo de inscripci\u00f3n abierta llamado Open Enrollment, que va del 1 de noviembre al 15 de diciembre cada a\u00f1o.<\/p>\n<p><strong>\u00bfC\u00f3mo puedo contactarlos?<\/strong><\/p>\n<p>Si\u00e9ntase libre de contactarnos a trav\u00e9s de nuestro correo electr\u00f3nico o n\u00famero de tel\u00e9fono, o visite la p\u00e1gina NC Get Covered Widget (<a href=\"https:\/\/widget.getcoveredamerica.org\/\">https:\/\/widget.getcoveredamerica.org\/<\/a>) para hacer una cita con nosotros o con otras organizaciones gu\u00edas para hablar acerca del seguro m\u00e9dico.<\/p>\n<p class=\"p1\"><h2 class=\"section-som\"><span>Contact Us<\/span><\/h2>\n<p>Para preguntas sobre Consiga Cobertura con Carolina, por favor contacte al siguiente correo electr\u00f3nico: <a href=\"mailto:shac_gcc@med.unc.edu\">shac_gcc@med.unc.edu <\/a>o llame <a href=\"tel:9195903511\">919-590-3511<\/a><\/p>\n","protected":false},"excerpt":{"rendered":"<p>&nbsp; &nbsp; Consiga Cobertura con Carolina (Get Covered Carolina en ingl\u00e9s) brinda ayuda a los miembros no asegurados de la comunidad a solicitar cobertura de seguro m\u00e9dico a trav\u00e9s del Affordable Care Act. Los voluntarios ofrecen asesor\u00eda individual a pacientes reclutados a trav\u00e9s de asociaciones con la Cl\u00ednica M\u00e9dica de SHAC, el centro de salud &hellip; <a href=\"https:\/\/www.med.unc.edu\/shac\/home-page-espanol\/programs-2\/get-covered-carolina\/\" aria-label=\"Read more about Consiga Cobertura con Carolina\">Read more<\/a><\/p>\n","protected":false},"author":110629,"featured_media":0,"parent":3256,"menu_order":33,"comment_status":"closed","ping_status":"closed","template":"","meta":{"_acf_changed":false,"layout":"","cellInformation":"","apiCallInformation":"","footnotes":"","_links_to":"","_links_to_target":""},"class_list":["post-3272","page","type-page","status-publish","hentry","odd"],"acf":[],"yoast_head":"<!-- This site is optimized with the Yoast SEO plugin v26.8 - https:\/\/yoast.com\/product\/yoast-seo-wordpress\/ -->\n<title>Consiga Cobertura con Carolina - SHAC: Student Health Action Coalition<\/title>\n<meta name=\"robots\" content=\"index, follow, max-snippet:-1, max-image-preview:large, max-video-preview:-1\" \/>\n<link rel=\"canonical\" href=\"https:\/\/www.med.unc.edu\/shac\/home-page-espanol\/programs-2\/get-covered-carolina\/\" \/>\n<meta property=\"og:locale\" content=\"en_US\" \/>\n<meta property=\"og:type\" content=\"article\" \/>\n<meta property=\"og:title\" content=\"Consiga Cobertura con Carolina - SHAC: Student Health Action Coalition\" \/>\n<meta property=\"og:description\" content=\"&nbsp; &nbsp; Consiga Cobertura con Carolina (Get Covered Carolina en ingl\u00e9s) brinda ayuda a los miembros no asegurados de la comunidad a solicitar cobertura de seguro m\u00e9dico a trav\u00e9s del Affordable Care Act. Los voluntarios ofrecen asesor\u00eda individual a pacientes reclutados a trav\u00e9s de asociaciones con la Cl\u00ednica M\u00e9dica de SHAC, el centro de salud &hellip; Read more\" \/>\n<meta property=\"og:url\" content=\"https:\/\/www.med.unc.edu\/shac\/home-page-espanol\/programs-2\/get-covered-carolina\/\" \/>\n<meta property=\"og:site_name\" content=\"SHAC: Student Health Action Coalition\" \/>\n<meta property=\"article:modified_time\" content=\"2024-06-13T20:07:59+00:00\" \/>\n<meta property=\"og:image\" content=\"https:\/\/www.med.unc.edu\/shac\/wp-content\/uploads\/sites\/1231\/2021\/04\/Patient-Meeting_Dimitry-Shitarev2.png\" \/>\n\t<meta property=\"og:image:width\" content=\"1011\" \/>\n\t<meta property=\"og:image:height\" content=\"840\" \/>\n\t<meta property=\"og:image:type\" content=\"image\/png\" \/>\n<meta name=\"twitter:card\" content=\"summary_large_image\" \/>\n<meta name=\"twitter:label1\" content=\"Est. reading time\" \/>\n\t<meta name=\"twitter:data1\" content=\"2 minutes\" \/>\n<script type=\"application\/ld+json\" class=\"yoast-schema-graph\">{\"@context\":\"https:\/\/schema.org\",\"@graph\":[{\"@type\":\"WebPage\",\"@id\":\"https:\/\/www.med.unc.edu\/shac\/home-page-espanol\/programs-2\/get-covered-carolina\/\",\"url\":\"https:\/\/www.med.unc.edu\/shac\/home-page-espanol\/programs-2\/get-covered-carolina\/\",\"name\":\"Consiga Cobertura con Carolina - SHAC: Student Health Action Coalition\",\"isPartOf\":{\"@id\":\"https:\/\/www.med.unc.edu\/shac\/#website\"},\"primaryImageOfPage\":{\"@id\":\"https:\/\/www.med.unc.edu\/shac\/home-page-espanol\/programs-2\/get-covered-carolina\/#primaryimage\"},\"image\":{\"@id\":\"https:\/\/www.med.unc.edu\/shac\/home-page-espanol\/programs-2\/get-covered-carolina\/#primaryimage\"},\"thumbnailUrl\":\"https:\/\/www.med.unc.edu\/shac\/wp-content\/uploads\/sites\/1231\/2021\/04\/Patient-Meeting_Dimitry-Shitarev2-300x249.png\",\"datePublished\":\"2021-05-20T01:20:22+00:00\",\"dateModified\":\"2024-06-13T20:07:59+00:00\",\"breadcrumb\":{\"@id\":\"https:\/\/www.med.unc.edu\/shac\/home-page-espanol\/programs-2\/get-covered-carolina\/#breadcrumb\"},\"inLanguage\":\"en-US\",\"potentialAction\":[{\"@type\":\"ReadAction\",\"target\":[\"https:\/\/www.med.unc.edu\/shac\/home-page-espanol\/programs-2\/get-covered-carolina\/\"]}]},{\"@type\":\"ImageObject\",\"inLanguage\":\"en-US\",\"@id\":\"https:\/\/www.med.unc.edu\/shac\/home-page-espanol\/programs-2\/get-covered-carolina\/#primaryimage\",\"url\":\"https:\/\/www.med.unc.edu\/shac\/wp-content\/uploads\/sites\/1231\/2021\/04\/Patient-Meeting_Dimitry-Shitarev2.png\",\"contentUrl\":\"https:\/\/www.med.unc.edu\/shac\/wp-content\/uploads\/sites\/1231\/2021\/04\/Patient-Meeting_Dimitry-Shitarev2.png\",\"width\":1011,\"height\":840,\"caption\":\"Get Covered Carolina team working with a patient to discuss options for insurance coverage\"},{\"@type\":\"BreadcrumbList\",\"@id\":\"https:\/\/www.med.unc.edu\/shac\/home-page-espanol\/programs-2\/get-covered-carolina\/#breadcrumb\",\"itemListElement\":[{\"@type\":\"ListItem\",\"position\":1,\"name\":\"Home\",\"item\":\"https:\/\/www.med.unc.edu\/shac\/\"},{\"@type\":\"ListItem\",\"position\":2,\"name\":\"SHAC: La Cl\u00ednica Gratuita\",\"item\":\"https:\/\/www.med.unc.edu\/shac\/home-page-espanol\/\"},{\"@type\":\"ListItem\",\"position\":3,\"name\":\"Servicios ofrecidos\",\"item\":\"https:\/\/www.med.unc.edu\/shac\/home-page-espanol\/programs-2\/\"},{\"@type\":\"ListItem\",\"position\":4,\"name\":\"Consiga Cobertura con Carolina\"}]},{\"@type\":\"WebSite\",\"@id\":\"https:\/\/www.med.unc.edu\/shac\/#website\",\"url\":\"https:\/\/www.med.unc.edu\/shac\/\",\"name\":\"SHAC: Student Health Action Coalition\",\"description\":\"\",\"potentialAction\":[{\"@type\":\"SearchAction\",\"target\":{\"@type\":\"EntryPoint\",\"urlTemplate\":\"https:\/\/www.med.unc.edu\/shac\/?s={search_term_string}\"},\"query-input\":{\"@type\":\"PropertyValueSpecification\",\"valueRequired\":true,\"valueName\":\"search_term_string\"}}],\"inLanguage\":\"en-US\"}]}<\/script>\n<!-- \/ Yoast SEO plugin. -->","yoast_head_json":{"title":"Consiga Cobertura con Carolina - SHAC: Student Health Action Coalition","robots":{"index":"index","follow":"follow","max-snippet":"max-snippet:-1","max-image-preview":"max-image-preview:large","max-video-preview":"max-video-preview:-1"},"canonical":"https:\/\/www.med.unc.edu\/shac\/home-page-espanol\/programs-2\/get-covered-carolina\/","og_locale":"en_US","og_type":"article","og_title":"Consiga Cobertura con Carolina - SHAC: Student Health Action Coalition","og_description":"&nbsp; &nbsp; Consiga Cobertura con Carolina (Get Covered Carolina en ingl\u00e9s) brinda ayuda a los miembros no asegurados de la comunidad a solicitar cobertura de seguro m\u00e9dico a trav\u00e9s del Affordable Care Act. Los voluntarios ofrecen asesor\u00eda individual a pacientes reclutados a trav\u00e9s de asociaciones con la Cl\u00ednica M\u00e9dica de SHAC, el centro de salud &hellip; Read more","og_url":"https:\/\/www.med.unc.edu\/shac\/home-page-espanol\/programs-2\/get-covered-carolina\/","og_site_name":"SHAC: Student Health Action Coalition","article_modified_time":"2024-06-13T20:07:59+00:00","og_image":[{"width":1011,"height":840,"url":"https:\/\/www.med.unc.edu\/shac\/wp-content\/uploads\/sites\/1231\/2021\/04\/Patient-Meeting_Dimitry-Shitarev2.png","type":"image\/png"}],"twitter_card":"summary_large_image","twitter_misc":{"Est. reading time":"2 minutes"},"schema":{"@context":"https:\/\/schema.org","@graph":[{"@type":"WebPage","@id":"https:\/\/www.med.unc.edu\/shac\/home-page-espanol\/programs-2\/get-covered-carolina\/","url":"https:\/\/www.med.unc.edu\/shac\/home-page-espanol\/programs-2\/get-covered-carolina\/","name":"Consiga Cobertura con Carolina - SHAC: Student Health Action Coalition","isPartOf":{"@id":"https:\/\/www.med.unc.edu\/shac\/#website"},"primaryImageOfPage":{"@id":"https:\/\/www.med.unc.edu\/shac\/home-page-espanol\/programs-2\/get-covered-carolina\/#primaryimage"},"image":{"@id":"https:\/\/www.med.unc.edu\/shac\/home-page-espanol\/programs-2\/get-covered-carolina\/#primaryimage"},"thumbnailUrl":"https:\/\/www.med.unc.edu\/shac\/wp-content\/uploads\/sites\/1231\/2021\/04\/Patient-Meeting_Dimitry-Shitarev2-300x249.png","datePublished":"2021-05-20T01:20:22+00:00","dateModified":"2024-06-13T20:07:59+00:00","breadcrumb":{"@id":"https:\/\/www.med.unc.edu\/shac\/home-page-espanol\/programs-2\/get-covered-carolina\/#breadcrumb"},"inLanguage":"en-US","potentialAction":[{"@type":"ReadAction","target":["https:\/\/www.med.unc.edu\/shac\/home-page-espanol\/programs-2\/get-covered-carolina\/"]}]},{"@type":"ImageObject","inLanguage":"en-US","@id":"https:\/\/www.med.unc.edu\/shac\/home-page-espanol\/programs-2\/get-covered-carolina\/#primaryimage","url":"https:\/\/www.med.unc.edu\/shac\/wp-content\/uploads\/sites\/1231\/2021\/04\/Patient-Meeting_Dimitry-Shitarev2.png","contentUrl":"https:\/\/www.med.unc.edu\/shac\/wp-content\/uploads\/sites\/1231\/2021\/04\/Patient-Meeting_Dimitry-Shitarev2.png","width":1011,"height":840,"caption":"Get Covered Carolina team working with a patient to discuss options for insurance coverage"},{"@type":"BreadcrumbList","@id":"https:\/\/www.med.unc.edu\/shac\/home-page-espanol\/programs-2\/get-covered-carolina\/#breadcrumb","itemListElement":[{"@type":"ListItem","position":1,"name":"Home","item":"https:\/\/www.med.unc.edu\/shac\/"},{"@type":"ListItem","position":2,"name":"SHAC: La Cl\u00ednica Gratuita","item":"https:\/\/www.med.unc.edu\/shac\/home-page-espanol\/"},{"@type":"ListItem","position":3,"name":"Servicios ofrecidos","item":"https:\/\/www.med.unc.edu\/shac\/home-page-espanol\/programs-2\/"},{"@type":"ListItem","position":4,"name":"Consiga Cobertura con Carolina"}]},{"@type":"WebSite","@id":"https:\/\/www.med.unc.edu\/shac\/#website","url":"https:\/\/www.med.unc.edu\/shac\/","name":"SHAC: Student Health Action Coalition","description":"","potentialAction":[{"@type":"SearchAction","target":{"@type":"EntryPoint","urlTemplate":"https:\/\/www.med.unc.edu\/shac\/?s={search_term_string}"},"query-input":{"@type":"PropertyValueSpecification","valueRequired":true,"valueName":"search_term_string"}}],"inLanguage":"en-US"}]}},"_links_to":[],"_links_to_target":[],"_links":{"self":[{"href":"https:\/\/www.med.unc.edu\/shac\/wp-json\/wp\/v2\/pages\/3272","targetHints":{"allow":["GET"]}}],"collection":[{"href":"https:\/\/www.med.unc.edu\/shac\/wp-json\/wp\/v2\/pages"}],"about":[{"href":"https:\/\/www.med.unc.edu\/shac\/wp-json\/wp\/v2\/types\/page"}],"author":[{"embeddable":true,"href":"https:\/\/www.med.unc.edu\/shac\/wp-json\/wp\/v2\/users\/110629"}],"replies":[{"embeddable":true,"href":"https:\/\/www.med.unc.edu\/shac\/wp-json\/wp\/v2\/comments?post=3272"}],"version-history":[{"count":0,"href":"https:\/\/www.med.unc.edu\/shac\/wp-json\/wp\/v2\/pages\/3272\/revisions"}],"up":[{"embeddable":true,"href":"https:\/\/www.med.unc.edu\/shac\/wp-json\/wp\/v2\/pages\/3256"}],"wp:attachment":[{"href":"https:\/\/www.med.unc.edu\/shac\/wp-json\/wp\/v2\/media?parent=3272"}],"curies":[{"name":"wp","href":"https:\/\/api.w.org\/{rel}","templated":true}]}}