{"id":3274,"date":"2021-05-19T21:20:36","date_gmt":"2021-05-20T01:20:36","guid":{"rendered":"https:\/\/www.med.unc.edu\/shac\/?page_id=3274"},"modified":"2021-06-07T13:08:45","modified_gmt":"2021-06-07T17:08:45","slug":"outreach","status":"publish","type":"page","link":"https:\/\/www.med.unc.edu\/shac\/home-page-espanol\/programs-2\/outreach\/","title":{"rendered":"Extensi\u00f3n de la Comunidad (Outreach)"},"content":{"rendered":"<p><a href=\"https:\/\/www.med.unc.edu\/shac\/wp-content\/uploads\/sites\/1231\/2021\/03\/Screen-Shot-2021-03-03-at-12.46.24-AM.png\"><img loading=\"lazy\" decoding=\"async\" class=\"size-medium wp-image-2635 alignleft\" src=\"https:\/\/www.med.unc.edu\/shac\/wp-content\/uploads\/sites\/1231\/2021\/03\/Screen-Shot-2021-03-03-at-12.46.24-AM-300x205.png\" alt=\"\" width=\"300\" height=\"205\" srcset=\"https:\/\/www.med.unc.edu\/shac\/wp-content\/uploads\/sites\/1231\/2021\/03\/Screen-Shot-2021-03-03-at-12.46.24-AM-300x205.png 300w, https:\/\/www.med.unc.edu\/shac\/wp-content\/uploads\/sites\/1231\/2021\/03\/Screen-Shot-2021-03-03-at-12.46.24-AM-1024x699.png 1024w, https:\/\/www.med.unc.edu\/shac\/wp-content\/uploads\/sites\/1231\/2021\/03\/Screen-Shot-2021-03-03-at-12.46.24-AM-768x524.png 768w, https:\/\/www.med.unc.edu\/shac\/wp-content\/uploads\/sites\/1231\/2021\/03\/Screen-Shot-2021-03-03-at-12.46.24-AM-600x409.png 600w, https:\/\/www.med.unc.edu\/shac\/wp-content\/uploads\/sites\/1231\/2021\/03\/Screen-Shot-2021-03-03-at-12.46.24-AM.png 1410w\" sizes=\"auto, (max-width: 300px) 100vw, 300px\" \/><\/a><\/p>\n<div class=\"panel panel-warning  oscitas-bootstrap-container\">\n<div class=\"panel-heading oscitas-bootstrap-container\">\n<h3 style=\"text-align: center\">Nuestra Misi\u00f3n<\/h3>\n<p style=\"text-align: center\"><\/div>\n<div class=\"panel-body oscitas-bootstrap-container\">\n<p>Extensi\u00f3n de SHAC provee ex\u00e1menes de detecci\u00f3n a dos cl\u00ednicas cada mes. Las pacientes no necesitan citas, y tenemos ubicaciones en Chapel Hill y Durham. Nuestros servicios incluyen: mediciones de presi\u00f3n de sangre y az\u00facar de sangre, asesoramiento con la vida saludable, medicamento reconciliaci\u00f3n, y planes personalizados por la prevenci\u00f3n de enfermedades que usan pautas nacionales. Adicional servicios son ofrecidos a alguna cl\u00ednicas, y puede incluyen terapia f\u00edsica y otras evaluaciones.<\/p>\n<p style=\"text-align: center\"><\/div>\n<\/div>\n<p>&nbsp;<\/p>\n<p class=\"p1\"><h2 class=\"section-som\"><span>About Us<\/span><\/h2>\n<p style=\"text-align: center\"><strong>Sobre nosotros<\/strong><\/p>\n<p style=\"text-align: center\">Extensi\u00f3n de SHAC quiere traer servicios de la salud a ustedes directamente en la comunidad. Nuestra misi\u00f3n es proveer cuidado que centra el paciente, especialmente para personas sin acceso a cuidado de salud, y tambi\u00e9n asegurar que nuestros pacientes reciban cuidado seguimiento que satisface cada necesidad. Esperemos a evitar problemas medicas agudos en el futuro con un foco sobre cuidado preventivito y educaci\u00f3n sobre la salud.<\/p>\n<p style=\"text-align: center\">Ofrecemos cl\u00ednicas sin sitas cada mes a dos ubicaciones: La Iglesia de St. Thomas More (STM) in Chapel Hill y Urban Ministries de Durham (UMD)<\/p>\n<p style=\"text-align: center\"><strong>\u00bfQu\u00e9 servicios proveemos?<\/strong><\/p>\n<p style=\"text-align: center\">Nuestros cl\u00ednicas a La Iglesia de St. Thomas More y Urban Ministries Durhm siempre ofrecen pruebas de az\u00facar de sangre y mediciones de la presi\u00f3n de sangre, medicamento reconciliaci\u00f3n, asesoramiento con la vida saludable, y preguntas de medicamentos. Tambi\u00e9n, siempre ofrecemos planes personalizadas por la prevenci\u00f3n de enfermedades, en que pacientes reciban informaci\u00f3n y recomendaciones con informaci\u00f3n de la grupo de trabajo preventivo de EE. UU. y del calendario de vacunaci\u00f3n del CDC para mantenerse la salud en el futuro. Adicional servicios que est\u00e1n ofrecidos al algunas cl\u00ednicas incluyen terapia f\u00edsica y otras evaluaciones.<\/p>\n<p style=\"text-align: center\">A STM y UMD, hemos establecidos asaciones con muchas cl\u00ednicas locales incluyen la Cl\u00ednica de SHAC, Samaritan Health, y Lincoln Health para pacientes que necesitan cuidado seguimiento de nuestros ex\u00e1menes de detecci\u00f3n. Tenemos recursos para pacientes que quieren alguna forma de cuidado medical, y vamos a trabajar para conectar a ustedes con grupos y programas locales que ayudan con sus necesidades.<\/p>\n<p style=\"text-align: center\">Siempre ofrecemos interpretaci\u00f3n de espa\u00f1ol, especialmente a nuestra ubicaci\u00f3n a La Iglesia de St. Thomas More.<\/p>\n<p>&nbsp;<\/p>\n<h2 class=\"section-som\"><span>Nuestras ubicaciones<\/span><\/h2>\n<p><strong>Urban Ministries of Durham (UMD):<\/strong><\/p>\n<ul>\n<li>Cl\u00ednicas a UMD est\u00e1n en la habitaci\u00f3n multiprop\u00f3sito despu\u00e9s de la cena durante noches de entre semana<\/li>\n<li>Cl\u00ednicas empiecen cerca de 6:45 y dura hasta 8:15 pm<\/li>\n<li>Address: 410 Liberty Street, Durham, North Carolina, 27701<\/li>\n<\/ul>\n<p>&nbsp;<\/p>\n<p><strong>La Iglesia de St. Thomas More (STM):<\/strong><\/p>\n<ul>\n<li>Cl\u00ednicas est\u00e1n en la habitaci\u00f3n de St. Atonio despu\u00e9s de misa espa\u00f1ola los domingos<\/li>\n<li>Cl\u00ednicas empiecen cerca de 2:45 pm y dura hasta 4:15 pm<\/li>\n<li>Direcci\u00f3n: 940 Carmichael Street, Chapel Hill, NC 27514<\/li>\n<\/ul>\n<p>&nbsp;<\/p>\n<p class=\"p1\"><h2 class=\"section-som\"><span>Contacto con Nosotros<\/span><\/h2>\n<p>Su salud es importante:<\/p>\n<p>A Extensi\u00f3n de SHAC, nuestro meta es para proveer cuidado de salud que respeta la situaci\u00f3n de cada persona y sus experiencias \u00fanicos. Promesamos a poner sus prioridades primero en todos de nuestros servicios. Si tenga preguntas, por favor usa: <a href=\"mailto:shac_outreach@med.unc.edu\">shac_outreach@med.unc.edu.\u00a0<\/a><\/p>\n","protected":false},"excerpt":{"rendered":"<p>&nbsp; Sobre nosotros Extensi\u00f3n de SHAC quiere traer servicios de la salud a ustedes directamente en la comunidad. Nuestra misi\u00f3n es proveer cuidado que centra el paciente, especialmente para personas sin acceso a cuidado de salud, y tambi\u00e9n asegurar que nuestros pacientes reciban cuidado seguimiento que satisface cada necesidad. Esperemos a evitar problemas medicas agudos &hellip; <a href=\"https:\/\/www.med.unc.edu\/shac\/home-page-espanol\/programs-2\/outreach\/\" aria-label=\"Read more about Extensi\u00f3n de la Comunidad (Outreach)\">Read more<\/a><\/p>\n","protected":false},"author":110629,"featured_media":0,"parent":3256,"menu_order":35,"comment_status":"closed","ping_status":"closed","template":"","meta":{"_acf_changed":false,"layout":"","cellInformation":"","apiCallInformation":"","footnotes":"","_links_to":"","_links_to_target":""},"class_list":["post-3274","page","type-page","status-publish","hentry","odd"],"acf":[],"yoast_head":"<!-- This site is optimized with the Yoast SEO plugin v26.8 - https:\/\/yoast.com\/product\/yoast-seo-wordpress\/ -->\n<title>Extensi\u00f3n de la Comunidad (Outreach) - SHAC: Student Health Action Coalition<\/title>\n<meta name=\"robots\" content=\"index, follow, max-snippet:-1, max-image-preview:large, max-video-preview:-1\" \/>\n<link rel=\"canonical\" href=\"https:\/\/www.med.unc.edu\/shac\/home-page-espanol\/programs-2\/outreach\/\" \/>\n<meta property=\"og:locale\" content=\"en_US\" \/>\n<meta property=\"og:type\" content=\"article\" \/>\n<meta property=\"og:title\" content=\"Extensi\u00f3n de la Comunidad (Outreach) - SHAC: Student Health Action Coalition\" \/>\n<meta property=\"og:description\" content=\"&nbsp; Sobre nosotros Extensi\u00f3n de SHAC quiere traer servicios de la salud a ustedes directamente en la comunidad. Nuestra misi\u00f3n es proveer cuidado que centra el paciente, especialmente para personas sin acceso a cuidado de salud, y tambi\u00e9n asegurar que nuestros pacientes reciban cuidado seguimiento que satisface cada necesidad. Esperemos a evitar problemas medicas agudos &hellip; Read more\" \/>\n<meta property=\"og:url\" content=\"https:\/\/www.med.unc.edu\/shac\/home-page-espanol\/programs-2\/outreach\/\" \/>\n<meta property=\"og:site_name\" content=\"SHAC: Student Health Action Coalition\" \/>\n<meta property=\"article:modified_time\" content=\"2021-06-07T17:08:45+00:00\" \/>\n<meta property=\"og:image\" content=\"https:\/\/www.med.unc.edu\/shac\/wp-content\/uploads\/sites\/1231\/2021\/03\/Screen-Shot-2021-03-03-at-12.46.24-AM.png\" \/>\n\t<meta property=\"og:image:width\" content=\"1410\" \/>\n\t<meta property=\"og:image:height\" content=\"962\" \/>\n\t<meta property=\"og:image:type\" content=\"image\/png\" \/>\n<meta name=\"twitter:card\" content=\"summary_large_image\" \/>\n<meta name=\"twitter:label1\" content=\"Est. reading time\" \/>\n\t<meta name=\"twitter:data1\" content=\"3 minutes\" \/>\n<script type=\"application\/ld+json\" class=\"yoast-schema-graph\">{\"@context\":\"https:\/\/schema.org\",\"@graph\":[{\"@type\":\"WebPage\",\"@id\":\"https:\/\/www.med.unc.edu\/shac\/home-page-espanol\/programs-2\/outreach\/\",\"url\":\"https:\/\/www.med.unc.edu\/shac\/home-page-espanol\/programs-2\/outreach\/\",\"name\":\"Extensi\u00f3n de la Comunidad (Outreach) - SHAC: Student Health Action Coalition\",\"isPartOf\":{\"@id\":\"https:\/\/www.med.unc.edu\/shac\/#website\"},\"primaryImageOfPage\":{\"@id\":\"https:\/\/www.med.unc.edu\/shac\/home-page-espanol\/programs-2\/outreach\/#primaryimage\"},\"image\":{\"@id\":\"https:\/\/www.med.unc.edu\/shac\/home-page-espanol\/programs-2\/outreach\/#primaryimage\"},\"thumbnailUrl\":\"https:\/\/www.med.unc.edu\/shac\/wp-content\/uploads\/sites\/1231\/2021\/03\/Screen-Shot-2021-03-03-at-12.46.24-AM-300x205.png\",\"datePublished\":\"2021-05-20T01:20:36+00:00\",\"dateModified\":\"2021-06-07T17:08:45+00:00\",\"breadcrumb\":{\"@id\":\"https:\/\/www.med.unc.edu\/shac\/home-page-espanol\/programs-2\/outreach\/#breadcrumb\"},\"inLanguage\":\"en-US\",\"potentialAction\":[{\"@type\":\"ReadAction\",\"target\":[\"https:\/\/www.med.unc.edu\/shac\/home-page-espanol\/programs-2\/outreach\/\"]}]},{\"@type\":\"ImageObject\",\"inLanguage\":\"en-US\",\"@id\":\"https:\/\/www.med.unc.edu\/shac\/home-page-espanol\/programs-2\/outreach\/#primaryimage\",\"url\":\"https:\/\/www.med.unc.edu\/shac\/wp-content\/uploads\/sites\/1231\/2021\/03\/Screen-Shot-2021-03-03-at-12.46.24-AM.png\",\"contentUrl\":\"https:\/\/www.med.unc.edu\/shac\/wp-content\/uploads\/sites\/1231\/2021\/03\/Screen-Shot-2021-03-03-at-12.46.24-AM.png\",\"width\":1410,\"height\":962,\"caption\":\"A student taking a patient's blood pressure in clinic\"},{\"@type\":\"BreadcrumbList\",\"@id\":\"https:\/\/www.med.unc.edu\/shac\/home-page-espanol\/programs-2\/outreach\/#breadcrumb\",\"itemListElement\":[{\"@type\":\"ListItem\",\"position\":1,\"name\":\"Home\",\"item\":\"https:\/\/www.med.unc.edu\/shac\/\"},{\"@type\":\"ListItem\",\"position\":2,\"name\":\"SHAC: La Cl\u00ednica Gratuita\",\"item\":\"https:\/\/www.med.unc.edu\/shac\/home-page-espanol\/\"},{\"@type\":\"ListItem\",\"position\":3,\"name\":\"Servicios ofrecidos\",\"item\":\"https:\/\/www.med.unc.edu\/shac\/home-page-espanol\/programs-2\/\"},{\"@type\":\"ListItem\",\"position\":4,\"name\":\"Extensi\u00f3n de la Comunidad (Outreach)\"}]},{\"@type\":\"WebSite\",\"@id\":\"https:\/\/www.med.unc.edu\/shac\/#website\",\"url\":\"https:\/\/www.med.unc.edu\/shac\/\",\"name\":\"SHAC: Student Health Action Coalition\",\"description\":\"\",\"potentialAction\":[{\"@type\":\"SearchAction\",\"target\":{\"@type\":\"EntryPoint\",\"urlTemplate\":\"https:\/\/www.med.unc.edu\/shac\/?s={search_term_string}\"},\"query-input\":{\"@type\":\"PropertyValueSpecification\",\"valueRequired\":true,\"valueName\":\"search_term_string\"}}],\"inLanguage\":\"en-US\"}]}<\/script>\n<!-- \/ Yoast SEO plugin. -->","yoast_head_json":{"title":"Extensi\u00f3n de la Comunidad (Outreach) - SHAC: Student Health Action Coalition","robots":{"index":"index","follow":"follow","max-snippet":"max-snippet:-1","max-image-preview":"max-image-preview:large","max-video-preview":"max-video-preview:-1"},"canonical":"https:\/\/www.med.unc.edu\/shac\/home-page-espanol\/programs-2\/outreach\/","og_locale":"en_US","og_type":"article","og_title":"Extensi\u00f3n de la Comunidad (Outreach) - SHAC: Student Health Action Coalition","og_description":"&nbsp; Sobre nosotros Extensi\u00f3n de SHAC quiere traer servicios de la salud a ustedes directamente en la comunidad. Nuestra misi\u00f3n es proveer cuidado que centra el paciente, especialmente para personas sin acceso a cuidado de salud, y tambi\u00e9n asegurar que nuestros pacientes reciban cuidado seguimiento que satisface cada necesidad. Esperemos a evitar problemas medicas agudos &hellip; Read more","og_url":"https:\/\/www.med.unc.edu\/shac\/home-page-espanol\/programs-2\/outreach\/","og_site_name":"SHAC: Student Health Action Coalition","article_modified_time":"2021-06-07T17:08:45+00:00","og_image":[{"width":1410,"height":962,"url":"https:\/\/www.med.unc.edu\/shac\/wp-content\/uploads\/sites\/1231\/2021\/03\/Screen-Shot-2021-03-03-at-12.46.24-AM.png","type":"image\/png"}],"twitter_card":"summary_large_image","twitter_misc":{"Est. reading time":"3 minutes"},"schema":{"@context":"https:\/\/schema.org","@graph":[{"@type":"WebPage","@id":"https:\/\/www.med.unc.edu\/shac\/home-page-espanol\/programs-2\/outreach\/","url":"https:\/\/www.med.unc.edu\/shac\/home-page-espanol\/programs-2\/outreach\/","name":"Extensi\u00f3n de la Comunidad (Outreach) - SHAC: Student Health Action Coalition","isPartOf":{"@id":"https:\/\/www.med.unc.edu\/shac\/#website"},"primaryImageOfPage":{"@id":"https:\/\/www.med.unc.edu\/shac\/home-page-espanol\/programs-2\/outreach\/#primaryimage"},"image":{"@id":"https:\/\/www.med.unc.edu\/shac\/home-page-espanol\/programs-2\/outreach\/#primaryimage"},"thumbnailUrl":"https:\/\/www.med.unc.edu\/shac\/wp-content\/uploads\/sites\/1231\/2021\/03\/Screen-Shot-2021-03-03-at-12.46.24-AM-300x205.png","datePublished":"2021-05-20T01:20:36+00:00","dateModified":"2021-06-07T17:08:45+00:00","breadcrumb":{"@id":"https:\/\/www.med.unc.edu\/shac\/home-page-espanol\/programs-2\/outreach\/#breadcrumb"},"inLanguage":"en-US","potentialAction":[{"@type":"ReadAction","target":["https:\/\/www.med.unc.edu\/shac\/home-page-espanol\/programs-2\/outreach\/"]}]},{"@type":"ImageObject","inLanguage":"en-US","@id":"https:\/\/www.med.unc.edu\/shac\/home-page-espanol\/programs-2\/outreach\/#primaryimage","url":"https:\/\/www.med.unc.edu\/shac\/wp-content\/uploads\/sites\/1231\/2021\/03\/Screen-Shot-2021-03-03-at-12.46.24-AM.png","contentUrl":"https:\/\/www.med.unc.edu\/shac\/wp-content\/uploads\/sites\/1231\/2021\/03\/Screen-Shot-2021-03-03-at-12.46.24-AM.png","width":1410,"height":962,"caption":"A student taking a patient's blood pressure in clinic"},{"@type":"BreadcrumbList","@id":"https:\/\/www.med.unc.edu\/shac\/home-page-espanol\/programs-2\/outreach\/#breadcrumb","itemListElement":[{"@type":"ListItem","position":1,"name":"Home","item":"https:\/\/www.med.unc.edu\/shac\/"},{"@type":"ListItem","position":2,"name":"SHAC: La Cl\u00ednica Gratuita","item":"https:\/\/www.med.unc.edu\/shac\/home-page-espanol\/"},{"@type":"ListItem","position":3,"name":"Servicios ofrecidos","item":"https:\/\/www.med.unc.edu\/shac\/home-page-espanol\/programs-2\/"},{"@type":"ListItem","position":4,"name":"Extensi\u00f3n de la Comunidad (Outreach)"}]},{"@type":"WebSite","@id":"https:\/\/www.med.unc.edu\/shac\/#website","url":"https:\/\/www.med.unc.edu\/shac\/","name":"SHAC: Student Health Action Coalition","description":"","potentialAction":[{"@type":"SearchAction","target":{"@type":"EntryPoint","urlTemplate":"https:\/\/www.med.unc.edu\/shac\/?s={search_term_string}"},"query-input":{"@type":"PropertyValueSpecification","valueRequired":true,"valueName":"search_term_string"}}],"inLanguage":"en-US"}]}},"_links_to":[],"_links_to_target":[],"_links":{"self":[{"href":"https:\/\/www.med.unc.edu\/shac\/wp-json\/wp\/v2\/pages\/3274","targetHints":{"allow":["GET"]}}],"collection":[{"href":"https:\/\/www.med.unc.edu\/shac\/wp-json\/wp\/v2\/pages"}],"about":[{"href":"https:\/\/www.med.unc.edu\/shac\/wp-json\/wp\/v2\/types\/page"}],"author":[{"embeddable":true,"href":"https:\/\/www.med.unc.edu\/shac\/wp-json\/wp\/v2\/users\/110629"}],"replies":[{"embeddable":true,"href":"https:\/\/www.med.unc.edu\/shac\/wp-json\/wp\/v2\/comments?post=3274"}],"version-history":[{"count":0,"href":"https:\/\/www.med.unc.edu\/shac\/wp-json\/wp\/v2\/pages\/3274\/revisions"}],"up":[{"embeddable":true,"href":"https:\/\/www.med.unc.edu\/shac\/wp-json\/wp\/v2\/pages\/3256"}],"wp:attachment":[{"href":"https:\/\/www.med.unc.edu\/shac\/wp-json\/wp\/v2\/media?parent=3274"}],"curies":[{"name":"wp","href":"https:\/\/api.w.org\/{rel}","templated":true}]}}