{"id":2344,"date":"2013-03-05T16:45:00","date_gmt":"2013-03-05T21:45:00","guid":{"rendered":"https:\/\/www.med.unc.edu\/surgery\/pedssurgery\/patientinfo\/informational-videos\/"},"modified":"2023-01-30T12:44:24","modified_gmt":"2023-01-30T17:44:24","slug":"informational-videos","status":"publish","type":"page","link":"https:\/\/www.med.unc.edu\/surgery\/pedssurgery\/forpatients\/informational-videos\/","title":{"rendered":"Informational Videos"},"content":{"rendered":"<p>We hope you find these videos helpful when researching information for the health of your child.<\/p>\n<ul>\n<li><a href=\"\/surgery\/pedssurgery\/forpatients\/informational-videos\/abdominal-wall-defects\">Abdominal Wall Defects<\/a><\/li>\n<li><a href=\"\/surgery\/pedssurgery\/forpatients\/informational-videos\/caring-for-your-childs-gastrostomy\">Caring For Your Child\u2019s Gastrostomy<\/a><\/li>\n<li><a href=\"\/surgery\/pedssurgery\/forpatients\/informational-videos\/caring-for-your-childs-central-venous-catheter\">Caring For Your Child\u2019s Central Venous Catheter<\/a><\/li>\n<li><a href=\"\/surgery\/pedssurgery\/forpatients\/informational-videos\/a-guide-to-day-surgery\">A Guide to Day Surgery<\/a><\/li>\n<li><a href=\"\/surgery\/pedssurgery\/forpatients\/informational-videos\/a-guide-to-day-surgery-espanol\">A Guide to Day Surgery \u2013 Espa\u00f1ol<\/a><\/li>\n<li>Cuidando La Gastrostom\u00eda de su Bebe (gastrosomy)<\/li>\n<li>Cuidados del Cat\u00e9ter Central Venoso de su ni\u00f1o (central venous catheter)<\/li>\n<\/ul>\n","protected":false},"excerpt":{"rendered":"<p>We hope you find these videos helpful when researching information for the health of your child. Abdominal Wall Defects Caring For Your Child\u2019s Gastrostomy Caring For Your Child\u2019s Central Venous Catheter A Guide to Day Surgery A Guide to Day Surgery \u2013 Espa\u00f1ol Cuidando La Gastrostom\u00eda de su Bebe (gastrosomy) Cuidados del Cat\u00e9ter Central Venoso &hellip; <a href=\"https:\/\/www.med.unc.edu\/surgery\/pedssurgery\/forpatients\/informational-videos\/\" aria-label=\"Read more about Informational Videos\">Read more<\/a><\/p>\n","protected":false},"author":80868,"featured_media":0,"parent":2341,"menu_order":7,"comment_status":"closed","ping_status":"closed","template":"","meta":{"_acf_changed":false,"layout":"","cellInformation":"","apiCallInformation":"","footnotes":"","_links_to":"","_links_to_target":""},"class_list":["post-2344","page","type-page","status-publish","hentry","odd"],"acf":[],"yoast_head":"<!-- This site is optimized with the Yoast SEO plugin v26.8 - https:\/\/yoast.com\/product\/yoast-seo-wordpress\/ -->\n<title>Informational Videos - Division of Pediatric Surgery<\/title>\n<meta name=\"robots\" content=\"index, follow, max-snippet:-1, max-image-preview:large, max-video-preview:-1\" \/>\n<link rel=\"canonical\" href=\"https:\/\/www.med.unc.edu\/surgery\/pedssurgery\/forpatients\/informational-videos\/\" \/>\n<meta property=\"og:locale\" content=\"en_US\" \/>\n<meta property=\"og:type\" content=\"article\" \/>\n<meta property=\"og:title\" content=\"Informational Videos - Division of Pediatric Surgery\" \/>\n<meta property=\"og:description\" content=\"We hope you find these videos helpful when researching information for the health of your child. Abdominal Wall Defects Caring For Your Child\u2019s Gastrostomy Caring For Your Child\u2019s Central Venous Catheter A Guide to Day Surgery A Guide to Day Surgery \u2013 Espa\u00f1ol Cuidando La Gastrostom\u00eda de su Bebe (gastrosomy) Cuidados del Cat\u00e9ter Central Venoso &hellip; Read more\" \/>\n<meta property=\"og:url\" content=\"https:\/\/www.med.unc.edu\/surgery\/pedssurgery\/forpatients\/informational-videos\/\" \/>\n<meta property=\"og:site_name\" content=\"Division of Pediatric Surgery\" \/>\n<meta property=\"article:modified_time\" content=\"2023-01-30T17:44:24+00:00\" \/>\n<meta name=\"twitter:card\" content=\"summary_large_image\" \/>\n<meta name=\"twitter:label1\" content=\"Est. reading time\" \/>\n\t<meta name=\"twitter:data1\" content=\"1 minute\" \/>\n<script type=\"application\/ld+json\" class=\"yoast-schema-graph\">{\"@context\":\"https:\/\/schema.org\",\"@graph\":[{\"@type\":\"WebPage\",\"@id\":\"https:\/\/www.med.unc.edu\/surgery\/pedssurgery\/forpatients\/informational-videos\/\",\"url\":\"https:\/\/www.med.unc.edu\/surgery\/pedssurgery\/forpatients\/informational-videos\/\",\"name\":\"Informational Videos - Division of Pediatric Surgery\",\"isPartOf\":{\"@id\":\"https:\/\/www.med.unc.edu\/surgery\/pedssurgery\/#website\"},\"datePublished\":\"2013-03-05T21:45:00+00:00\",\"dateModified\":\"2023-01-30T17:44:24+00:00\",\"breadcrumb\":{\"@id\":\"https:\/\/www.med.unc.edu\/surgery\/pedssurgery\/forpatients\/informational-videos\/#breadcrumb\"},\"inLanguage\":\"en-US\",\"potentialAction\":[{\"@type\":\"ReadAction\",\"target\":[\"https:\/\/www.med.unc.edu\/surgery\/pedssurgery\/forpatients\/informational-videos\/\"]}]},{\"@type\":\"BreadcrumbList\",\"@id\":\"https:\/\/www.med.unc.edu\/surgery\/pedssurgery\/forpatients\/informational-videos\/#breadcrumb\",\"itemListElement\":[{\"@type\":\"ListItem\",\"position\":1,\"name\":\"Home\",\"item\":\"https:\/\/www.med.unc.edu\/surgery\/pedssurgery\/\"},{\"@type\":\"ListItem\",\"position\":2,\"name\":\"Patient Information\",\"item\":\"https:\/\/www.med.unc.edu\/surgery\/pedssurgery\/forpatients\/\"},{\"@type\":\"ListItem\",\"position\":3,\"name\":\"Informational Videos\"}]},{\"@type\":\"WebSite\",\"@id\":\"https:\/\/www.med.unc.edu\/surgery\/pedssurgery\/#website\",\"url\":\"https:\/\/www.med.unc.edu\/surgery\/pedssurgery\/\",\"name\":\"Division of Pediatric Surgery\",\"description\":\"\",\"potentialAction\":[{\"@type\":\"SearchAction\",\"target\":{\"@type\":\"EntryPoint\",\"urlTemplate\":\"https:\/\/www.med.unc.edu\/surgery\/pedssurgery\/?s={search_term_string}\"},\"query-input\":{\"@type\":\"PropertyValueSpecification\",\"valueRequired\":true,\"valueName\":\"search_term_string\"}}],\"inLanguage\":\"en-US\"}]}<\/script>\n<!-- \/ Yoast SEO plugin. -->","yoast_head_json":{"title":"Informational Videos - Division of Pediatric Surgery","robots":{"index":"index","follow":"follow","max-snippet":"max-snippet:-1","max-image-preview":"max-image-preview:large","max-video-preview":"max-video-preview:-1"},"canonical":"https:\/\/www.med.unc.edu\/surgery\/pedssurgery\/forpatients\/informational-videos\/","og_locale":"en_US","og_type":"article","og_title":"Informational Videos - Division of Pediatric Surgery","og_description":"We hope you find these videos helpful when researching information for the health of your child. Abdominal Wall Defects Caring For Your Child\u2019s Gastrostomy Caring For Your Child\u2019s Central Venous Catheter A Guide to Day Surgery A Guide to Day Surgery \u2013 Espa\u00f1ol Cuidando La Gastrostom\u00eda de su Bebe (gastrosomy) Cuidados del Cat\u00e9ter Central Venoso &hellip; Read more","og_url":"https:\/\/www.med.unc.edu\/surgery\/pedssurgery\/forpatients\/informational-videos\/","og_site_name":"Division of Pediatric Surgery","article_modified_time":"2023-01-30T17:44:24+00:00","twitter_card":"summary_large_image","twitter_misc":{"Est. reading time":"1 minute"},"schema":{"@context":"https:\/\/schema.org","@graph":[{"@type":"WebPage","@id":"https:\/\/www.med.unc.edu\/surgery\/pedssurgery\/forpatients\/informational-videos\/","url":"https:\/\/www.med.unc.edu\/surgery\/pedssurgery\/forpatients\/informational-videos\/","name":"Informational Videos - Division of Pediatric Surgery","isPartOf":{"@id":"https:\/\/www.med.unc.edu\/surgery\/pedssurgery\/#website"},"datePublished":"2013-03-05T21:45:00+00:00","dateModified":"2023-01-30T17:44:24+00:00","breadcrumb":{"@id":"https:\/\/www.med.unc.edu\/surgery\/pedssurgery\/forpatients\/informational-videos\/#breadcrumb"},"inLanguage":"en-US","potentialAction":[{"@type":"ReadAction","target":["https:\/\/www.med.unc.edu\/surgery\/pedssurgery\/forpatients\/informational-videos\/"]}]},{"@type":"BreadcrumbList","@id":"https:\/\/www.med.unc.edu\/surgery\/pedssurgery\/forpatients\/informational-videos\/#breadcrumb","itemListElement":[{"@type":"ListItem","position":1,"name":"Home","item":"https:\/\/www.med.unc.edu\/surgery\/pedssurgery\/"},{"@type":"ListItem","position":2,"name":"Patient Information","item":"https:\/\/www.med.unc.edu\/surgery\/pedssurgery\/forpatients\/"},{"@type":"ListItem","position":3,"name":"Informational Videos"}]},{"@type":"WebSite","@id":"https:\/\/www.med.unc.edu\/surgery\/pedssurgery\/#website","url":"https:\/\/www.med.unc.edu\/surgery\/pedssurgery\/","name":"Division of Pediatric Surgery","description":"","potentialAction":[{"@type":"SearchAction","target":{"@type":"EntryPoint","urlTemplate":"https:\/\/www.med.unc.edu\/surgery\/pedssurgery\/?s={search_term_string}"},"query-input":{"@type":"PropertyValueSpecification","valueRequired":true,"valueName":"search_term_string"}}],"inLanguage":"en-US"}]}},"_links_to":[],"_links_to_target":[],"_links":{"self":[{"href":"https:\/\/www.med.unc.edu\/surgery\/pedssurgery\/wp-json\/wp\/v2\/pages\/2344","targetHints":{"allow":["GET"]}}],"collection":[{"href":"https:\/\/www.med.unc.edu\/surgery\/pedssurgery\/wp-json\/wp\/v2\/pages"}],"about":[{"href":"https:\/\/www.med.unc.edu\/surgery\/pedssurgery\/wp-json\/wp\/v2\/types\/page"}],"author":[{"embeddable":true,"href":"https:\/\/www.med.unc.edu\/surgery\/pedssurgery\/wp-json\/wp\/v2\/users\/80868"}],"replies":[{"embeddable":true,"href":"https:\/\/www.med.unc.edu\/surgery\/pedssurgery\/wp-json\/wp\/v2\/comments?post=2344"}],"version-history":[{"count":0,"href":"https:\/\/www.med.unc.edu\/surgery\/pedssurgery\/wp-json\/wp\/v2\/pages\/2344\/revisions"}],"up":[{"embeddable":true,"href":"https:\/\/www.med.unc.edu\/surgery\/pedssurgery\/wp-json\/wp\/v2\/pages\/2341"}],"wp:attachment":[{"href":"https:\/\/www.med.unc.edu\/surgery\/pedssurgery\/wp-json\/wp\/v2\/media?parent=2344"}],"curies":[{"name":"wp","href":"https:\/\/api.w.org\/{rel}","templated":true}]}}